CRAN Package Check Results for Package sleepr

Last updated on 2025-02-22 04:51:28 CET.

Flavor Version Tinstall Tcheck Ttotal Status Flags
r-devel-linux-x86_64-debian-clang 0.3.0 2.61 44.86 47.47 NOTE
r-devel-linux-x86_64-debian-gcc 0.3.0 1.78 31.53 33.31 NOTE
r-devel-linux-x86_64-fedora-clang 0.3.0 63.61 OK
r-devel-linux-x86_64-fedora-gcc 0.3.0 58.28 OK
r-devel-macos-arm64 0.3.0 22.00 OK
r-devel-macos-x86_64 0.3.0 40.00 OK
r-devel-windows-x86_64 0.3.0 3.00 55.00 58.00 NOTE
r-patched-linux-x86_64 0.3.0 4.07 33.77 37.84 NOTE
r-release-linux-x86_64 0.3.0 2.26 36.13 38.39 NOTE
r-release-macos-arm64 0.3.0 23.00 NOTE
r-release-macos-x86_64 0.3.0 35.00 NOTE
r-release-windows-x86_64 0.3.0 3.00 55.00 58.00 NOTE
r-oldrel-macos-arm64 0.3.0 24.00 NOTE
r-oldrel-macos-x86_64 0.3.0 34.00 NOTE
r-oldrel-windows-x86_64 0.3.0 4.00 58.00 62.00 NOTE

Check Details

Version: 0.3.0
Check: Rd cross-references
Result: NOTE Found the following Rd file(s) with Rd \link{} targets missing package anchors: bout_analysis.Rd: data.table, behavr curate_dead_animals.Rd: data.table, behavr sleep_annotation.Rd: data.table, behavr Please provide package anchors for all Rd \link{} targets not in the package itself and the base packages. Flavors: r-devel-linux-x86_64-debian-clang, r-devel-linux-x86_64-debian-gcc, r-devel-windows-x86_64

Version: 0.3.0
Check: LazyData
Result: NOTE 'LazyData' is specified without a 'data' directory Flavors: r-patched-linux-x86_64, r-release-linux-x86_64, r-release-macos-arm64, r-release-macos-x86_64, r-release-windows-x86_64, r-oldrel-macos-arm64, r-oldrel-macos-x86_64, r-oldrel-windows-x86_64