Last updated on 2025-02-21 04:52:06 CET.
Flavor | Version | Tinstall | Tcheck | Ttotal | Status | Flags |
---|---|---|---|---|---|---|
r-devel-linux-x86_64-debian-clang | 1.0.5 | 85.69 | 90.86 | 176.55 | OK | |
r-devel-linux-x86_64-debian-gcc | 1.0.5 | 72.85 | 68.03 | 140.88 | OK | |
r-devel-linux-x86_64-fedora-clang | 1.0.5 | 285.45 | OK | |||
r-devel-linux-x86_64-fedora-gcc | 1.0.5 | 314.89 | OK | |||
r-devel-macos-arm64 | 1.0.5 | 76.00 | OK | |||
r-devel-macos-x86_64 | 1.0.5 | 120.00 | OK | |||
r-devel-windows-x86_64 | 1.0.5 | 87.00 | 99.00 | 186.00 | OK | |
r-patched-linux-x86_64 | 1.0.5 | 102.29 | 82.99 | 185.28 | OK | |
r-release-linux-x86_64 | 1.0.5 | 103.85 | 85.05 | 188.90 | OK | |
r-release-macos-arm64 | 1.0.5 | 71.00 | NOTE | |||
r-release-macos-x86_64 | 1.0.5 | 156.00 | NOTE | |||
r-release-windows-x86_64 | 1.0.5 | 86.00 | 103.00 | 189.00 | OK | |
r-oldrel-macos-arm64 | 1.0.5 | 71.00 | NOTE | |||
r-oldrel-macos-x86_64 | 1.0.5 | 157.00 | NOTE | |||
r-oldrel-windows-x86_64 | 1.0.5 | 107.00 | 131.00 | 238.00 | OK |
Version: 1.0.5
Check: installed package size
Result: NOTE
installed size is 31.7Mb
sub-directories of 1Mb or more:
libs 31.3Mb
Flavors: r-release-macos-arm64, r-release-macos-x86_64, r-oldrel-macos-arm64, r-oldrel-macos-x86_64