Last updated on 2025-02-21 04:52:06 CET.
Flavor | Version | Tinstall | Tcheck | Ttotal | Status | Flags |
---|---|---|---|---|---|---|
r-devel-linux-x86_64-debian-clang | 0.7.2 | 58.11 | 46.78 | 104.89 | OK | |
r-devel-linux-x86_64-debian-gcc | 0.7.2 | 43.63 | 35.08 | 78.71 | OK | |
r-devel-linux-x86_64-fedora-clang | 0.7.2 | 187.68 | OK | |||
r-devel-linux-x86_64-fedora-gcc | 0.7.2 | 216.30 | OK | |||
r-devel-macos-arm64 | 0.7.2 | 56.00 | OK | |||
r-devel-macos-x86_64 | 0.7.2 | 87.00 | OK | |||
r-devel-windows-x86_64 | 0.7.2 | 69.00 | 103.00 | 172.00 | OK | |
r-patched-linux-x86_64 | 0.7.2 | 63.92 | 44.20 | 108.12 | NOTE | |
r-release-linux-x86_64 | 0.7.2 | 58.91 | 44.44 | 103.35 | NOTE | |
r-release-macos-arm64 | 0.7.2 | 36.00 | NOTE | |||
r-release-macos-x86_64 | 0.7.2 | 54.00 | NOTE | |||
r-release-windows-x86_64 | 0.7.2 | 72.00 | 94.00 | 166.00 | NOTE | |
r-oldrel-macos-arm64 | 0.7.2 | 60.00 | NOTE | |||
r-oldrel-macos-x86_64 | 0.7.2 | 95.00 | NOTE | |||
r-oldrel-windows-x86_64 | 0.7.2 | 84.00 | 124.00 | 208.00 | NOTE |
Version: 0.7.2
Check: for GNU extensions in Makefiles
Result: NOTE
GNU make is a SystemRequirements.
Flavors: r-patched-linux-x86_64, r-release-linux-x86_64, r-release-macos-arm64, r-release-macos-x86_64, r-release-windows-x86_64, r-oldrel-macos-arm64, r-oldrel-macos-x86_64, r-oldrel-windows-x86_64
Version: 0.7.2
Check: installed package size
Result: NOTE
installed size is 7.0Mb
sub-directories of 1Mb or more:
libs 6.2Mb
Flavors: r-release-macos-arm64, r-release-macos-x86_64, r-oldrel-macos-arm64, r-oldrel-macos-x86_64