Last updated on 2024-08-25 05:49:35 CEST.
Flavor | Version | Tinstall | Tcheck | Ttotal | Status | Flags |
---|---|---|---|---|---|---|
r-devel-linux-x86_64-debian-clang | 0.7.2 | 63.33 | 47.42 | 110.75 | NOTE | |
r-devel-linux-x86_64-debian-gcc | 0.7.2 | 44.03 | 35.87 | 79.90 | NOTE | |
r-devel-linux-x86_64-fedora-clang | 0.7.2 | 195.26 | NOTE | |||
r-devel-linux-x86_64-fedora-gcc | 0.7.2 | 231.24 | NOTE | |||
r-devel-windows-x86_64 | 0.7.2 | 69.00 | 95.00 | 164.00 | NOTE | |
r-patched-linux-x86_64 | 0.7.2 | 61.81 | 44.65 | 106.46 | NOTE | |
r-release-linux-x86_64 | 0.7.2 | 61.67 | 44.58 | 106.25 | NOTE | |
r-release-macos-arm64 | 0.7.2 | 57.00 | NOTE | |||
r-release-macos-x86_64 | 0.7.2 | 67.00 | NOTE | |||
r-release-windows-x86_64 | 0.7.2 | 66.00 | 96.00 | 162.00 | NOTE | |
r-oldrel-macos-arm64 | 0.7.2 | 60.00 | NOTE | |||
r-oldrel-macos-x86_64 | 0.7.2 | 95.00 | NOTE | |||
r-oldrel-windows-x86_64 | 0.7.2 | 82.00 | 108.00 | 190.00 | NOTE |
Version: 0.7.2
Check: for GNU extensions in Makefiles
Result: NOTE
GNU make is a SystemRequirements.
Flavors: r-devel-linux-x86_64-debian-clang, r-devel-linux-x86_64-debian-gcc, r-devel-linux-x86_64-fedora-clang, r-devel-linux-x86_64-fedora-gcc, r-devel-windows-x86_64, r-patched-linux-x86_64, r-release-linux-x86_64, r-release-macos-arm64, r-release-macos-x86_64, r-release-windows-x86_64, r-oldrel-macos-arm64, r-oldrel-macos-x86_64, r-oldrel-windows-x86_64
Version: 0.7.2
Check: installed package size
Result: NOTE
installed size is 5.8Mb
sub-directories of 1Mb or more:
libs 5.0Mb
Flavors: r-release-macos-arm64, r-release-macos-x86_64, r-oldrel-macos-arm64, r-oldrel-macos-x86_64