Last updated on 2025-11-16 04:48:55 CET.
| Flavor | Version | Tinstall | Tcheck | Ttotal | Status | Flags |
|---|---|---|---|---|---|---|
| r-devel-linux-x86_64-debian-clang | 1.1.5 | 15.71 | 122.54 | 138.25 | NOTE | |
| r-devel-linux-x86_64-debian-gcc | 1.1.5 | 9.94 | 83.93 | 93.87 | NOTE | |
| r-devel-linux-x86_64-fedora-clang | 1.1.5 | 76.00 | 148.33 | 224.33 | OK | |
| r-devel-linux-x86_64-fedora-gcc | 1.1.5 | 36.00 | 184.27 | 220.27 | OK | |
| r-devel-windows-x86_64 | 1.1.5 | 18.00 | 118.00 | 136.00 | OK | |
| r-patched-linux-x86_64 | 1.1.5 | 14.36 | 115.77 | 130.13 | OK | |
| r-release-linux-x86_64 | 1.1.5 | 13.80 | 117.32 | 131.12 | OK | |
| r-release-macos-arm64 | 1.1.5 | 6.00 | 49.00 | 55.00 | OK | |
| r-release-macos-x86_64 | 1.1.5 | 12.00 | 107.00 | 119.00 | OK | |
| r-release-windows-x86_64 | 1.1.5 | 17.00 | 116.00 | 133.00 | OK | |
| r-oldrel-macos-arm64 | 1.1.5 | 7.00 | 35.00 | 42.00 | OK | |
| r-oldrel-macos-x86_64 | 1.1.5 | 7.00 | 59.00 | 66.00 | OK | |
| r-oldrel-windows-x86_64 | 1.1.5 | 25.00 | 148.00 | 173.00 | OK |
Version: 1.1.5
Check: CRAN incoming feasibility
Result: NOTE
Maintainer: ‘Paul Walter <paul.w@gmx.net>’
No Authors@R field in DESCRIPTION.
Please add one, modifying
Authors@R: person(given = "Paul",
family = "Walter",
role = c("aut", "cre"),
email = "paul.w@gmx.net")
as necessary.
Flavors: r-devel-linux-x86_64-debian-clang, r-devel-linux-x86_64-debian-gcc