Last updated on 2025-11-16 04:48:55 CET.
| Flavor | Version | Tinstall | Tcheck | Ttotal | Status | Flags |
|---|---|---|---|---|---|---|
| r-devel-linux-x86_64-debian-clang | 0.1.0 | 2.06 | 29.23 | 31.29 | OK | |
| r-devel-linux-x86_64-debian-gcc | 0.1.0 | 1.75 | 23.55 | 25.30 | NOTE | |
| r-devel-linux-x86_64-fedora-clang | 0.1.0 | 47.57 | OK | |||
| r-devel-linux-x86_64-fedora-gcc | 0.1.0 | 62.95 | OK | |||
| r-devel-windows-x86_64 | 0.1.0 | 6.00 | 46.00 | 52.00 | OK | |
| r-patched-linux-x86_64 | 0.1.0 | 1.90 | 27.19 | 29.09 | OK | |
| r-release-linux-x86_64 | 0.1.0 | 2.17 | 27.73 | 29.90 | OK | |
| r-release-macos-arm64 | 0.1.0 | 2.00 | 28.00 | 30.00 | OK | |
| r-release-macos-x86_64 | 0.1.0 | 2.00 | 47.00 | 49.00 | OK | |
| r-release-windows-x86_64 | 0.1.0 | 4.00 | 46.00 | 50.00 | OK | |
| r-oldrel-macos-arm64 | 0.1.0 | 1.00 | 23.00 | 24.00 | OK | |
| r-oldrel-macos-x86_64 | 0.1.0 | 2.00 | 35.00 | 37.00 | OK | |
| r-oldrel-windows-x86_64 | 0.1.0 | 4.00 | 53.00 | 57.00 | OK |
Version: 0.1.0
Check: CRAN incoming feasibility
Result: NOTE
Maintainer: ‘Taehwa Choi <tchoi@sungshin.ac.kr>’
The BugReports field in DESCRIPTION has
https://github.com/taehwa015/smlePH/issues/
which should likely be
https://github.com/taehwa015/smlePH/issues/issues
instead.
Flavor: r-devel-linux-x86_64-debian-gcc