CRAN Package Check Results for Package snpReady

Last updated on 2025-02-21 04:52:07 CET.

Flavor Version Tinstall Tcheck Ttotal Status Flags
r-devel-linux-x86_64-debian-clang 0.9.6 8.85 74.53 83.38 NOTE
r-devel-linux-x86_64-debian-gcc 0.9.6 6.64 57.85 64.49 NOTE
r-devel-linux-x86_64-fedora-clang 0.9.6 131.98 NOTE
r-devel-linux-x86_64-fedora-gcc 0.9.6 138.40 NOTE
r-devel-macos-arm64 0.9.6 45.00 NOTE
r-devel-macos-x86_64 0.9.6 90.00 NOTE
r-devel-windows-x86_64 0.9.6 9.00 106.00 115.00 NOTE
r-patched-linux-x86_64 0.9.6 7.74 70.55 78.29 NOTE
r-release-linux-x86_64 0.9.6 7.63 71.02 78.65 NOTE
r-release-macos-arm64 0.9.6 44.00 NOTE
r-release-macos-x86_64 0.9.6 70.00 NOTE
r-release-windows-x86_64 0.9.6 10.00 86.00 96.00 NOTE
r-oldrel-macos-arm64 0.9.6 46.00 OK
r-oldrel-macos-x86_64 0.9.6 74.00 OK
r-oldrel-windows-x86_64 0.9.6 13.00 126.00 139.00 OK

Check Details

Version: 0.9.6
Check: Rd files
Result: NOTE checkRd: (-1) maize.line.Rd:9: Lost braces in \itemize; meant \describe ? checkRd: (-1) maize.line.Rd:10: Lost braces in \itemize; meant \describe ? checkRd: (-1) maize.line.Rd:11: Lost braces in \itemize; meant \describe ? checkRd: (-1) maize.line.Rd:12: Lost braces in \itemize; meant \describe ? checkRd: (-1) raw.data.Rd:26: Lost braces; missing escapes or markup? 26 | \item{call.rate}{\code{numeric}. Threshold for removing marker by missing genotype rate. SNP with \code{call rate} below threshold are removed from dataset. Must be between {0, 1}} | ^ checkRd: (-1) raw.data.Rd:28: Lost braces; missing escapes or markup? 28 | \item{maf}{Threshold for removing SNP by minor allele frequency. Must be between {0, 1}} | ^ Flavors: r-devel-linux-x86_64-debian-clang, r-devel-linux-x86_64-debian-gcc, r-devel-linux-x86_64-fedora-clang, r-devel-linux-x86_64-fedora-gcc, r-devel-macos-arm64, r-devel-macos-x86_64, r-devel-windows-x86_64, r-patched-linux-x86_64, r-release-linux-x86_64, r-release-macos-arm64, r-release-macos-x86_64, r-release-windows-x86_64