Last updated on 2025-02-21 04:52:07 CET.
Flavor | Version | Tinstall | Tcheck | Ttotal | Status | Flags |
---|---|---|---|---|---|---|
r-devel-linux-x86_64-debian-clang | 1.2.4 | 9.06 | 52.85 | 61.91 | NOTE | |
r-devel-linux-x86_64-debian-gcc | 1.2.4 | 5.96 | 41.73 | 47.69 | NOTE | |
r-devel-linux-x86_64-fedora-clang | 1.2.4 | 99.01 | OK | |||
r-devel-linux-x86_64-fedora-gcc | 1.2.4 | 105.17 | OK | |||
r-devel-macos-arm64 | 1.2.4 | 43.00 | OK | |||
r-devel-macos-x86_64 | 1.2.4 | 86.00 | OK | |||
r-devel-windows-x86_64 | 1.2.4 | 12.00 | 73.00 | 85.00 | NOTE | |
r-patched-linux-x86_64 | 1.2.4 | 11.82 | 49.24 | 61.06 | OK | |
r-release-linux-x86_64 | 1.2.4 | 8.28 | 49.72 | 58.00 | OK | |
r-release-macos-arm64 | 1.2.4 | 42.00 | OK | |||
r-release-macos-x86_64 | 1.2.4 | 69.00 | OK | |||
r-release-windows-x86_64 | 1.2.4 | 9.00 | 73.00 | 82.00 | OK | |
r-oldrel-macos-arm64 | 1.2.4 | 39.00 | OK | |||
r-oldrel-macos-x86_64 | 1.2.4 | 75.00 | OK | |||
r-oldrel-windows-x86_64 | 1.2.4 | 15.00 | 109.00 | 124.00 | OK |
Version: 1.2.4
Check: Rd cross-references
Result: NOTE
Found the following Rd file(s) with Rd \link{} targets missing package
anchors:
somsp.Rd: kohonen
somspa.Rd: kohonen, som
Please provide package anchors for all Rd \link{} targets not in the
package itself and the base packages.
Flavors: r-devel-linux-x86_64-debian-clang, r-devel-linux-x86_64-debian-gcc, r-devel-windows-x86_64