Last updated on 2024-08-25 05:49:35 CEST.
Flavor | Version | Tinstall | Tcheck | Ttotal | Status | Flags |
---|---|---|---|---|---|---|
r-devel-linux-x86_64-debian-clang | 1.0.1 | 56.74 | 32.66 | 89.40 | OK | |
r-devel-linux-x86_64-debian-gcc | 1.0.1 | 51.35 | 25.72 | 77.07 | OK | |
r-devel-linux-x86_64-fedora-clang | 1.0.1 | 153.46 | OK | |||
r-devel-linux-x86_64-fedora-gcc | 1.0.1 | 187.05 | OK | |||
r-devel-windows-x86_64 | 1.0.1 | 64.00 | 87.00 | 151.00 | OK | |
r-patched-linux-x86_64 | 1.0.1 | 67.13 | 31.81 | 98.94 | OK | |
r-release-linux-x86_64 | 1.0.1 | 68.38 | 31.65 | 100.03 | OK | |
r-release-macos-arm64 | 1.0.1 | 65.00 | NOTE | |||
r-release-macos-x86_64 | 1.0.1 | 100.00 | NOTE | |||
r-release-windows-x86_64 | 1.0.1 | 60.00 | 87.00 | 147.00 | OK | |
r-oldrel-macos-arm64 | 1.0.1 | 67.00 | NOTE | |||
r-oldrel-macos-x86_64 | 1.0.1 | 155.00 | NOTE | |||
r-oldrel-windows-x86_64 | 1.0.1 | 78.00 | 92.00 | 170.00 | OK |
Version: 1.0.1
Check: installed package size
Result: NOTE
installed size is 7.7Mb
sub-directories of 1Mb or more:
libs 7.2Mb
Flavors: r-release-macos-arm64, r-release-macos-x86_64, r-oldrel-macos-arm64, r-oldrel-macos-x86_64