CRAN Package Check Results for Package sotu

Last updated on 2025-11-16 04:48:55 CET.

Flavor Version Tinstall Tcheck Ttotal Status Flags
r-devel-linux-x86_64-debian-clang 1.0.4 3.48 20.21 23.69 OK
r-devel-linux-x86_64-debian-gcc 1.0.4 3.73 16.42 20.15 NOTE
r-devel-linux-x86_64-fedora-clang 1.0.4 34.83 OK
r-devel-linux-x86_64-fedora-gcc 1.0.4 34.66 OK
r-devel-windows-x86_64 1.0.4 5.00 38.00 43.00 OK
r-patched-linux-x86_64 1.0.4 3.56 19.25 22.81 OK
r-release-linux-x86_64 1.0.4 3.44 19.38 22.82 OK
r-release-macos-arm64 1.0.4 3.00 14.00 17.00 OK
r-release-macos-x86_64 1.0.4 4.00 22.00 26.00 OK
r-release-windows-x86_64 1.0.4 4.00 38.00 42.00 OK
r-oldrel-macos-arm64 1.0.4 3.00 14.00 17.00 OK
r-oldrel-macos-x86_64 1.0.4 3.00 20.00 23.00 OK
r-oldrel-windows-x86_64 1.0.4 5.00 40.00 45.00 OK

Check Details

Version: 1.0.4
Check: CRAN incoming feasibility
Result: NOTE Maintainer: ‘Taylor B. Arnold <tarnold2@richmond.edu>’ The BugReports field in DESCRIPTION has https://github.com/statsmaths/sotu/issues/ which should likely be https://github.com/statsmaths/sotu/issues/issues instead. Flavor: r-devel-linux-x86_64-debian-gcc