Last updated on 2024-08-25 05:49:35 CEST.
Flavor | Version | Tinstall | Tcheck | Ttotal | Status | Flags |
---|---|---|---|---|---|---|
r-devel-linux-x86_64-debian-clang | 2.1-4 | 18.03 | 128.87 | 146.90 | NOTE | |
r-devel-linux-x86_64-debian-gcc | 2.1-4 | 12.12 | 92.10 | 104.22 | NOTE | |
r-devel-linux-x86_64-fedora-clang | 2.1-4 | 250.18 | OK | |||
r-devel-linux-x86_64-fedora-gcc | 2.1-4 | 251.82 | OK | |||
r-devel-windows-x86_64 | 2.1-4 | 24.00 | 184.00 | 208.00 | NOTE | |
r-patched-linux-x86_64 | 2.1-4 | 18.35 | 122.72 | 141.07 | OK | |
r-release-linux-x86_64 | 2.1-4 | 16.53 | 123.13 | 139.66 | OK | |
r-release-macos-arm64 | 2.1-4 | 101.00 | OK | |||
r-release-macos-x86_64 | 2.1-4 | 118.00 | OK | |||
r-release-windows-x86_64 | 2.1-4 | 23.00 | 185.00 | 208.00 | OK | |
r-oldrel-macos-arm64 | 2.1-4 | 114.00 | OK | |||
r-oldrel-macos-x86_64 | 2.1-4 | 290.00 | OK | |||
r-oldrel-windows-x86_64 | 2.1-4 | 22.00 | 204.00 | 226.00 | OK |
Version: 2.1-4
Check: Rd cross-references
Result: NOTE
Found the following Rd file(s) with Rd \link{} targets missing package
anchors:
bubble.Rd: xyplot
image.Rd: levelplot
mapasp.Rd: levelplot
spplot.Rd: xyplot, levelplot
stack.Rd: levelplot
Please provide package anchors for all Rd \link{} targets not in the
package itself and the base packages.
Flavors: r-devel-linux-x86_64-debian-clang, r-devel-linux-x86_64-debian-gcc, r-devel-windows-x86_64