Last updated on 2024-08-25 05:49:36 CEST.
Flavor | Version | Tinstall | Tcheck | Ttotal | Status | Flags |
---|---|---|---|---|---|---|
r-devel-linux-x86_64-debian-clang | 0.4.4.3 | 168.57 | 271.03 | 439.60 | OK | |
r-devel-linux-x86_64-debian-gcc | 0.4.4.3 | 124.02 | 191.32 | 315.34 | OK | |
r-devel-linux-x86_64-fedora-clang | 0.4.4.3 | 778.82 | NOTE | |||
r-devel-linux-x86_64-fedora-gcc | 0.4.4.3 | 826.32 | OK | |||
r-devel-windows-x86_64 | 0.4.4.3 | 183.00 | 300.00 | 483.00 | NOTE | |
r-patched-linux-x86_64 | 0.4.4.3 | 171.79 | 262.63 | 434.42 | OK | |
r-release-linux-x86_64 | 0.4.4.3 | 174.25 | 260.40 | 434.65 | OK | |
r-release-macos-arm64 | 0.4.4.3 | 182.00 | NOTE | |||
r-release-macos-x86_64 | 0.4.4.3 | 413.00 | NOTE | |||
r-release-windows-x86_64 | 0.4.4.3 | 187.00 | 298.00 | 485.00 | NOTE | |
r-oldrel-macos-arm64 | 0.4.4.3 | 227.00 | NOTE | |||
r-oldrel-macos-x86_64 | 0.4.4.3 | 416.00 | NOTE | |||
r-oldrel-windows-x86_64 | 0.4.4.3 | 219.00 | 393.00 | 612.00 | NOTE |
Version: 0.4.4.3
Check: installed package size
Result: NOTE
installed size is 6.1Mb
sub-directories of 1Mb or more:
extdata 2.6Mb
libs 1.0Mb
Flavors: r-devel-linux-x86_64-fedora-clang, r-devel-windows-x86_64, r-release-macos-arm64, r-release-macos-x86_64, r-release-windows-x86_64, r-oldrel-macos-arm64, r-oldrel-macos-x86_64, r-oldrel-windows-x86_64