Last updated on 2024-08-25 05:49:36 CEST.
Flavor | Version | Tinstall | Tcheck | Ttotal | Status | Flags |
---|---|---|---|---|---|---|
r-devel-linux-x86_64-debian-clang | 0.1.0 | 3.41 | 27.63 | 31.04 | OK | |
r-devel-linux-x86_64-debian-gcc | 0.1.0 | 2.42 | 21.52 | 23.94 | OK | |
r-devel-linux-x86_64-fedora-clang | 0.1.0 | 50.63 | NOTE | |||
r-devel-linux-x86_64-fedora-gcc | 0.1.0 | 47.71 | NOTE | |||
r-devel-windows-x86_64 | 0.1.0 | 6.00 | 50.00 | 56.00 | OK | |
r-patched-linux-x86_64 | 0.1.0 | 3.50 | 26.76 | 30.26 | OK | |
r-release-linux-x86_64 | 0.1.0 | 3.46 | 26.78 | 30.24 | OK | |
r-release-macos-arm64 | 0.1.0 | 19.00 | OK | |||
r-release-macos-x86_64 | 0.1.0 | 29.00 | OK | |||
r-release-windows-x86_64 | 0.1.0 | 5.00 | 49.00 | 54.00 | OK | |
r-oldrel-macos-arm64 | 0.1.0 | 22.00 | OK | |||
r-oldrel-macos-x86_64 | 0.1.0 | 31.00 | OK | |||
r-oldrel-windows-x86_64 | 0.1.0 | 7.00 | 55.00 | 62.00 | OK |
Version: 0.1.0
Check: data for non-ASCII characters
Result: NOTE
Note: found 199 marked UTF-8 strings
Flavors: r-devel-linux-x86_64-fedora-clang, r-devel-linux-x86_64-fedora-gcc