Last updated on 2025-02-21 04:52:07 CET.
Flavor | Version | Tinstall | Tcheck | Ttotal | Status | Flags |
---|---|---|---|---|---|---|
r-devel-linux-x86_64-debian-clang | 2.11-1 | 42.21 | 136.48 | 178.69 | OK | |
r-devel-linux-x86_64-debian-gcc | 2.11-1 | 25.46 | 94.41 | 119.87 | OK | |
r-devel-linux-x86_64-fedora-clang | 2.11-1 | 288.93 | OK | |||
r-devel-linux-x86_64-fedora-gcc | 2.11-1 | 285.92 | OK | |||
r-devel-macos-arm64 | 2.11-1 | 86.00 | OK | |||
r-devel-macos-x86_64 | 2.11-1 | 223.00 | OK | |||
r-devel-windows-x86_64 | 2.11-1 | 50.00 | 185.00 | 235.00 | OK | |
r-patched-linux-x86_64 | 2.11-1 | 34.33 | 128.11 | 162.44 | OK | |
r-release-linux-x86_64 | 2.11-1 | 34.95 | 126.06 | 161.01 | OK | |
r-release-macos-arm64 | 2.11-1 | 101.00 | OK | |||
r-release-macos-x86_64 | 2.11-1 | 217.00 | NOTE | |||
r-release-windows-x86_64 | 2.11-1 | 50.00 | 179.00 | 229.00 | OK | |
r-oldrel-macos-arm64 | 2.11-0 | 94.00 | OK | |||
r-oldrel-macos-x86_64 | 2.11-1 | 174.00 | OK | |||
r-oldrel-windows-x86_64 | 2.11-1 | 59.00 | 239.00 | 298.00 | OK |
Version: 2.11-1
Check: installed package size
Result: NOTE
installed size is 5.6Mb
sub-directories of 1Mb or more:
R 2.0Mb
doc 1.3Mb
libs 1.5Mb
Flavor: r-release-macos-x86_64