Last updated on 2025-10-25 05:50:19 CEST.
| Flavor | Version | Tinstall | Tcheck | Ttotal | Status | Flags |
|---|---|---|---|---|---|---|
| r-devel-linux-x86_64-debian-clang | 0.1.1 | 6.39 | 52.25 | 58.64 | OK | |
| r-devel-linux-x86_64-debian-gcc | 0.1.1 | 4.17 | 38.43 | 42.60 | OK | |
| r-devel-linux-x86_64-fedora-clang | 0.1.1 | 30.00 | 65.28 | 95.28 | OK | |
| r-devel-linux-x86_64-fedora-gcc | 0.1.1 | 12.00 | 71.62 | 83.62 | OK | |
| r-devel-windows-x86_64 | 0.1.1 | 7.00 | 63.00 | 70.00 | OK | |
| r-patched-linux-x86_64 | 0.1.1 | 5.52 | 48.40 | 53.92 | OK | |
| r-release-linux-x86_64 | 0.1.1 | 6.18 | 48.27 | 54.45 | OK | |
| r-release-macos-arm64 | 0.1.1 | 3.00 | 25.00 | 28.00 | OK | |
| r-release-macos-x86_64 | 0.1.1 | 5.00 | 52.00 | 57.00 | OK | |
| r-release-windows-x86_64 | 0.1.1 | 8.00 | 64.00 | 72.00 | OK | |
| r-oldrel-macos-arm64 | 0.1.1 | 3.00 | 24.00 | 27.00 | NOTE | |
| r-oldrel-macos-x86_64 | 0.1.1 | 4.00 | 36.00 | 40.00 | NOTE | |
| r-oldrel-windows-x86_64 | 0.1.1 | 10.00 | 75.00 | 85.00 | NOTE |
Version: 0.1.1
Check: LazyData
Result: NOTE
'LazyData' is specified without a 'data' directory
Flavors: r-oldrel-macos-arm64, r-oldrel-macos-x86_64, r-oldrel-windows-x86_64