CRAN Package Check Results for Package sparr

Last updated on 2025-11-16 04:48:55 CET.

Flavor Version Tinstall Tcheck Ttotal Status Flags
r-devel-linux-x86_64-debian-clang 2.3-16 15.24 120.86 136.10 OK
r-devel-linux-x86_64-debian-gcc 2.3-16 11.58 98.24 109.82 NOTE
r-devel-linux-x86_64-fedora-clang 2.3-16 33.00 179.80 212.80 OK
r-devel-linux-x86_64-fedora-gcc 2.3-16 37.00 170.29 207.29 OK
r-devel-windows-x86_64 2.3-16 17.00 120.00 137.00 OK
r-patched-linux-x86_64 2.3-16 18.98 113.00 131.98 OK
r-release-linux-x86_64 2.3-16 15.75 114.22 129.97 OK
r-release-macos-arm64 2.3-16 10.00 60.00 70.00 OK
r-release-macos-x86_64 2.3-16 22.00 162.00 184.00 OK
r-release-windows-x86_64 2.3-16 14.00 119.00 133.00 OK
r-oldrel-macos-arm64 2.3-16 13.00 64.00 77.00 OK
r-oldrel-macos-x86_64 2.3-16 23.00 156.00 179.00 OK
r-oldrel-windows-x86_64 2.3-16 20.00 145.00 165.00 OK

Check Details

Version: 2.3-16
Check: CRAN incoming feasibility
Result: NOTE Maintainer: ‘Tilman M. Davies <tilman.davies@otago.ac.nz>’ The BugReports field in DESCRIPTION has https://github.com/tilmandavies/sparr/issues/ which should likely be https://github.com/tilmandavies/sparr/issues/issues instead. Flavor: r-devel-linux-x86_64-debian-gcc