Last updated on 2024-08-25 05:49:36 CEST.
Flavor | Version | Tinstall | Tcheck | Ttotal | Status | Flags |
---|---|---|---|---|---|---|
r-devel-linux-x86_64-debian-clang | 0.1.0 | 2.23 | 82.08 | 84.31 | NOTE | |
r-devel-linux-x86_64-debian-gcc | 0.1.0 | 1.72 | 71.02 | 72.74 | NOTE | |
r-devel-linux-x86_64-fedora-clang | 0.1.0 | 146.29 | NOTE | |||
r-devel-linux-x86_64-fedora-gcc | 0.1.0 | 204.03 | NOTE | |||
r-devel-windows-x86_64 | 0.1.0 | 3.00 | 109.00 | 112.00 | NOTE | |
r-patched-linux-x86_64 | 0.1.0 | 1.92 | 102.78 | 104.70 | NOTE | |
r-release-linux-x86_64 | 0.1.0 | 2.18 | 103.71 | 105.89 | NOTE | |
r-release-macos-arm64 | 0.1.0 | 58.00 | NOTE | |||
r-release-macos-x86_64 | 0.1.0 | 94.00 | NOTE | |||
r-release-windows-x86_64 | 0.1.0 | 3.00 | 109.00 | 112.00 | NOTE | |
r-oldrel-macos-arm64 | 0.1.0 | 62.00 | NOTE | |||
r-oldrel-macos-x86_64 | 0.1.0 | 116.00 | NOTE | |||
r-oldrel-windows-x86_64 | 0.1.0 | 3.00 | 124.00 | 127.00 | NOTE |
Version: 0.1.0
Check: LazyData
Result: NOTE
'LazyData' is specified without a 'data' directory
Flavors: r-devel-linux-x86_64-debian-clang, r-devel-linux-x86_64-debian-gcc, r-devel-linux-x86_64-fedora-clang, r-devel-linux-x86_64-fedora-gcc, r-devel-windows-x86_64, r-patched-linux-x86_64, r-release-linux-x86_64, r-release-macos-arm64, r-release-macos-x86_64, r-release-windows-x86_64, r-oldrel-macos-arm64, r-oldrel-macos-x86_64, r-oldrel-windows-x86_64