CRAN Package Check Results for Package spatPomp

Last updated on 2025-11-16 04:48:55 CET.

Flavor Version Tinstall Tcheck Ttotal Status Flags
r-devel-linux-x86_64-debian-clang 1.1.0 19.96 189.77 209.73 OK
r-devel-linux-x86_64-debian-gcc 1.1.0 14.01 137.04 151.05 NOTE
r-devel-linux-x86_64-fedora-clang 1.1.0 43.00 278.72 321.72 OK
r-devel-linux-x86_64-fedora-gcc 1.1.0 50.00 266.16 316.16 OK
r-devel-windows-x86_64 1.1.0 43.00 277.00 320.00 OK
r-patched-linux-x86_64 1.1.0 19.26 178.91 198.17 OK
r-release-linux-x86_64 1.1.0 20.08 177.67 197.75 OK
r-release-macos-arm64 1.1.0 9.00 104.00 113.00 OK
r-release-macos-x86_64 1.1.0 19.00 211.00 230.00 OK
r-release-windows-x86_64 1.1.0 31.00 268.00 299.00 OK
r-oldrel-macos-arm64 1.1.0 10.00 103.00 113.00 OK
r-oldrel-macos-x86_64 1.1.0 25.00 208.00 233.00 OK
r-oldrel-windows-x86_64 1.1.0 37.00 322.00 359.00 OK

Check Details

Version: 1.1.0
Check: CRAN incoming feasibility
Result: NOTE Maintainer: ‘Edward Ionides <ionides@umich.edu>’ The BugReports field in DESCRIPTION has https://github.com/spatPomp-org/spatPomp/issues/ which should likely be https://github.com/spatPomp-org/spatPomp/issues/issues instead. Flavor: r-devel-linux-x86_64-debian-gcc