Last updated on 2024-08-25 05:49:36 CEST.
Flavor | Version | Tinstall | Tcheck | Ttotal | Status | Flags |
---|---|---|---|---|---|---|
r-devel-linux-x86_64-debian-clang | 0.6.0 | 7.05 | 77.17 | 84.22 | OK | |
r-devel-linux-x86_64-debian-gcc | 0.6.0 | 4.76 | 53.80 | 58.56 | OK | |
r-devel-linux-x86_64-fedora-clang | 0.6.0 | 139.51 | NOTE | |||
r-devel-linux-x86_64-fedora-gcc | 0.6.0 | 134.66 | OK | |||
r-devel-windows-x86_64 | 0.6.0 | 9.00 | 86.00 | 95.00 | OK | |
r-patched-linux-x86_64 | 0.6.0 | 7.02 | 74.47 | 81.49 | OK | |
r-release-linux-x86_64 | 0.6.0 | 6.03 | 72.71 | 78.74 | OK | |
r-release-macos-arm64 | 0.6.0 | 37.00 | OK | |||
r-release-macos-x86_64 | 0.6.0 | 59.00 | OK | |||
r-release-windows-x86_64 | 0.6.0 | 10.00 | 86.00 | 96.00 | OK | |
r-oldrel-macos-arm64 | 0.6.0 | 40.00 | OK | |||
r-oldrel-macos-x86_64 | 0.6.0 | 64.00 | OK | |||
r-oldrel-windows-x86_64 | 0.6.0 | 12.00 | 105.00 | 117.00 | OK |
Version: 0.6.0
Check: Rd cross-references
Result: NOTE
Undeclared package ‘vctrs’ in Rd xrefs
Flavor: r-devel-linux-x86_64-fedora-clang