CRAN Package Check Results for Package spdep

Last updated on 2025-11-16 04:48:56 CET.

Flavor Version Tinstall Tcheck Ttotal Status Flags
r-devel-linux-x86_64-debian-clang 1.4-1 22.63 265.44 288.07 OK
r-devel-linux-x86_64-debian-gcc 1.4-1 15.70 193.14 208.84 NOTE
r-devel-linux-x86_64-fedora-clang 1.4-1 56.00 414.76 470.76 OK
r-devel-linux-x86_64-fedora-gcc 1.4-1 61.00 417.24 478.24 OK
r-devel-windows-x86_64 1.4-1 47.00 287.00 334.00 OK
r-patched-linux-x86_64 1.4-1 26.29 257.04 283.33 OK
r-release-linux-x86_64 1.4-1 22.71 257.97 280.68 OK
r-release-macos-arm64 1.4-1 12.00 131.00 143.00 OK
r-release-macos-x86_64 1.4-1 22.00 228.00 250.00 OK
r-release-windows-x86_64 1.4-1 37.00 286.00 323.00 OK
r-oldrel-macos-arm64 1.4-1 11.00 127.00 138.00 NOTE
r-oldrel-macos-x86_64 1.4-1 21.00 233.00 254.00 NOTE
r-oldrel-windows-x86_64 1.4-1 45.00 369.00 414.00 NOTE

Check Details

Version: 1.4-1
Check: CRAN incoming feasibility
Result: NOTE Maintainer: ‘Roger Bivand <Roger.Bivand@nhh.no>’ The BugReports field in DESCRIPTION has https://github.com/r-spatial/spdep/issues/ which should likely be https://github.com/r-spatial/spdep/issues/issues instead. Flavor: r-devel-linux-x86_64-debian-gcc

Version: 1.4-1
Check: installed package size
Result: NOTE installed size is 9.7Mb sub-directories of 1Mb or more: doc 6.0Mb etc 2.0Mb Flavors: r-oldrel-macos-arm64, r-oldrel-macos-x86_64, r-oldrel-windows-x86_64