Last updated on 2024-08-25 05:49:36 CEST.
Flavor | Version | Tinstall | Tcheck | Ttotal | Status | Flags |
---|---|---|---|---|---|---|
r-devel-linux-x86_64-debian-clang | 0.0.1.7 | 28.13 | 28.41 | 56.54 | NOTE | |
r-devel-linux-x86_64-debian-gcc | 0.0.1.7 | 19.18 | 25.17 | 44.35 | NOTE | |
r-devel-linux-x86_64-fedora-clang | 0.0.1.7 | 109.02 | NOTE | |||
r-devel-linux-x86_64-fedora-gcc | 0.0.1.7 | 118.14 | NOTE | |||
r-devel-windows-x86_64 | 0.0.1.7 | 33.00 | 73.00 | 106.00 | NOTE | |
r-patched-linux-x86_64 | 0.0.1.7 | 28.14 | 27.94 | 56.08 | NOTE | |
r-release-linux-x86_64 | 0.0.1.7 | 28.22 | 27.58 | 55.80 | NOTE | |
r-release-macos-arm64 | 0.0.1.7 | 37.00 | NOTE | |||
r-release-macos-x86_64 | 0.0.1.7 | 47.00 | NOTE | |||
r-release-windows-x86_64 | 0.0.1.7 | 32.00 | 77.00 | 109.00 | NOTE | |
r-oldrel-macos-arm64 | 0.0.1.7 | 40.00 | NOTE | |||
r-oldrel-macos-x86_64 | 0.0.1.7 | 68.00 | NOTE | |||
r-oldrel-windows-x86_64 | 0.0.1.7 | 35.00 | 83.00 | 118.00 | NOTE |
Version: 0.0.1.7
Check: package subdirectories
Result: NOTE
Problems with news in ‘NEWS.md’:
Cannot extract version info from the following section titles:
Roadmap of specklestar package
Flavors: r-devel-linux-x86_64-debian-clang, r-devel-linux-x86_64-debian-gcc, r-devel-linux-x86_64-fedora-clang, r-devel-linux-x86_64-fedora-gcc, r-devel-windows-x86_64, r-patched-linux-x86_64, r-release-linux-x86_64, r-release-macos-arm64, r-release-macos-x86_64, r-release-windows-x86_64, r-oldrel-macos-arm64, r-oldrel-macos-x86_64, r-oldrel-windows-x86_64
Version: 0.0.1.7
Check: LazyData
Result: NOTE
'LazyData' is specified without a 'data' directory
Flavors: r-devel-linux-x86_64-debian-clang, r-devel-linux-x86_64-debian-gcc, r-devel-linux-x86_64-fedora-clang, r-devel-linux-x86_64-fedora-gcc, r-devel-windows-x86_64, r-patched-linux-x86_64, r-release-linux-x86_64, r-release-macos-arm64, r-release-macos-x86_64, r-release-windows-x86_64, r-oldrel-macos-arm64, r-oldrel-macos-x86_64, r-oldrel-windows-x86_64