Last updated on 2025-11-16 04:48:56 CET.
| Flavor | Version | Tinstall | Tcheck | Ttotal | Status | Flags |
|---|---|---|---|---|---|---|
| r-devel-linux-x86_64-debian-clang | 1.2.3 | 11.17 | 87.43 | 98.60 | NOTE | |
| r-devel-linux-x86_64-debian-gcc | 1.2.3 | 8.51 | 60.85 | 69.36 | NOTE | |
| r-devel-linux-x86_64-fedora-clang | 1.2.3 | 73.00 | 87.37 | 160.37 | OK | |
| r-devel-linux-x86_64-fedora-gcc | 1.2.3 | 52.00 | 102.43 | 154.43 | OK | |
| r-devel-windows-x86_64 | 1.2.3 | 15.00 | 98.00 | 113.00 | NOTE | |
| r-patched-linux-x86_64 | 1.2.3 | 10.76 | 80.22 | 90.98 | NOTE | |
| r-release-linux-x86_64 | 1.2.3 | 9.77 | 80.03 | 89.80 | NOTE | |
| r-release-macos-arm64 | 1.2.3 | 4.00 | 31.00 | 35.00 | OK | |
| r-release-macos-x86_64 | 1.2.3 | 8.00 | 58.00 | 66.00 | OK | |
| r-release-windows-x86_64 | 1.2.3 | 13.00 | 94.00 | 107.00 | NOTE | |
| r-oldrel-macos-arm64 | 1.2.3 | 4.00 | 33.00 | 37.00 | OK | |
| r-oldrel-macos-x86_64 | 1.2.3 | 11.00 | 78.00 | 89.00 | OK | |
| r-oldrel-windows-x86_64 | 1.2.3 | 18.00 | 116.00 | 134.00 | OK |
Version: 1.2.3
Check: Rd cross-references
Result: NOTE
Found the following Rd file(s) with Rd \link{} targets missing package
anchors:
as.idigbio.Rd: idig_search_records
Please provide package anchors for all Rd \link{} targets not in the
package itself and the base packages.
Flavors: r-devel-linux-x86_64-debian-clang, r-devel-linux-x86_64-debian-gcc, r-devel-windows-x86_64, r-patched-linux-x86_64, r-release-linux-x86_64, r-release-windows-x86_64
Version: 1.2.3
Check: CRAN incoming feasibility
Result: NOTE
Maintainer: ‘Hannah Owens <hannah.owens@gmail.com>’
The BugReports field in DESCRIPTION has
https://github.com/ropensci/spocc/issues/
which should likely be
https://github.com/ropensci/spocc/issues/issues
instead.
Flavor: r-devel-linux-x86_64-debian-gcc