Last updated on 2025-11-16 04:48:56 CET.
| Flavor | Version | Tinstall | Tcheck | Ttotal | Status | Flags |
|---|---|---|---|---|---|---|
| r-devel-linux-x86_64-debian-clang | 1.0.3 | 17.81 | 160.63 | 178.44 | NOTE | |
| r-devel-linux-x86_64-debian-gcc | 1.0.3 | 11.60 | 120.08 | 131.68 | NOTE | |
| r-devel-linux-x86_64-fedora-clang | 1.0.3 | 41.00 | 250.46 | 291.46 | OK | |
| r-devel-linux-x86_64-fedora-gcc | 1.0.3 | 47.00 | 232.00 | 279.00 | OK | |
| r-devel-windows-x86_64 | 1.0.3 | 23.00 | 188.00 | 211.00 | OK | |
| r-patched-linux-x86_64 | 1.0.3 | 19.24 | 155.24 | 174.48 | OK | |
| r-release-linux-x86_64 | 1.0.3 | 16.17 | 155.43 | 171.60 | OK | |
| r-release-macos-arm64 | 1.0.3 | 7.00 | 65.00 | 72.00 | OK | |
| r-release-macos-x86_64 | 1.0.3 | 13.00 | 126.00 | 139.00 | OK | |
| r-release-windows-x86_64 | 1.0.3 | 19.00 | 165.00 | 184.00 | OK | |
| r-oldrel-macos-arm64 | 1.0.3 | 7.00 | 69.00 | 76.00 | OK | |
| r-oldrel-macos-x86_64 | 1.0.3 | 11.00 | 102.00 | 113.00 | OK | |
| r-oldrel-windows-x86_64 | 1.0.3 | 27.00 | 220.00 | 247.00 | OK |
Version: 1.0.3
Check: CRAN incoming feasibility
Result: NOTE
Maintainer: ‘Kelli F. Johnson <kelli.johnson@noaa.gov>’
Package CITATION file contains call(s) to old-style personList() or
as.personList(). Please use c() on person objects instead.
Package CITATION file contains call(s) to old-style citEntry(). Please
use bibentry() instead.
Flavors: r-devel-linux-x86_64-debian-clang, r-devel-linux-x86_64-debian-gcc