Last updated on 2025-02-21 04:52:07 CET.
Flavor | Version | Tinstall | Tcheck | Ttotal | Status | Flags |
---|---|---|---|---|---|---|
r-devel-linux-x86_64-debian-clang | 1.2.2 | 10.64 | 101.25 | 111.89 | NOTE | |
r-devel-linux-x86_64-debian-gcc | 1.2.2 | 8.07 | 80.36 | 88.43 | NOTE | |
r-devel-linux-x86_64-fedora-clang | 1.2.2 | 180.44 | OK | |||
r-devel-linux-x86_64-fedora-gcc | 1.2.2 | 190.68 | OK | |||
r-devel-macos-arm64 | 1.2.2 | 59.00 | OK | |||
r-devel-macos-x86_64 | 1.2.2 | 118.00 | OK | |||
r-devel-windows-x86_64 | 1.2.2 | 12.00 | 122.00 | 134.00 | NOTE | |
r-patched-linux-x86_64 | 1.2.2 | 13.29 | 96.91 | 110.20 | OK | |
r-release-linux-x86_64 | 1.2.2 | 10.61 | 98.03 | 108.64 | OK | |
r-release-macos-arm64 | 1.2.2 | 58.00 | OK | |||
r-release-macos-x86_64 | 1.2.2 | 90.00 | OK | |||
r-release-windows-x86_64 | 1.2.2 | 12.00 | 125.00 | 137.00 | OK | |
r-oldrel-macos-arm64 | 1.2.2 | 70.00 | OK | |||
r-oldrel-macos-x86_64 | 1.2.2 | 145.00 | OK | |||
r-oldrel-windows-x86_64 | 1.2.2 | 15.00 | 137.00 | 152.00 | OK |
Version: 1.2.2
Check: Rd cross-references
Result: NOTE
Found the following Rd file(s) with Rd \link{} targets missing package
anchors:
plot_moran.Rd: nb2listw
ssfa.Rd: nb2listw, maxNR
Please provide package anchors for all Rd \link{} targets not in the
package itself and the base packages.
Flavors: r-devel-linux-x86_64-debian-clang, r-devel-linux-x86_64-debian-gcc, r-devel-windows-x86_64