CRAN Package Check Results for Package ssmn

Last updated on 2025-11-16 04:48:56 CET.

Flavor Version Tinstall Tcheck Ttotal Status Flags
r-devel-linux-x86_64-debian-clang 1.1 6.35 42.40 48.75 NOTE
r-devel-linux-x86_64-debian-gcc 1.1 4.66 30.98 35.64 NOTE
r-devel-linux-x86_64-fedora-clang 1.1 15.00 59.45 74.45 OK
r-devel-linux-x86_64-fedora-gcc 1.1 12.00 57.64 69.64 OK
r-devel-windows-x86_64 1.1 8.00 58.00 66.00 OK
r-patched-linux-x86_64 1.1 6.63 40.68 47.31 OK
r-release-linux-x86_64 1.1 6.30 40.16 46.46 OK
r-release-macos-arm64 1.1 3.00 26.00 29.00 OK
r-release-macos-x86_64 1.1 6.00 40.00 46.00 OK
r-release-windows-x86_64 1.1 8.00 60.00 68.00 OK
r-oldrel-macos-arm64 1.1 3.00 21.00 24.00 OK
r-oldrel-macos-x86_64 1.1 4.00 32.00 36.00 OK
r-oldrel-windows-x86_64 1.1 10.00 68.00 78.00 OK

Check Details

Version: 1.1
Check: CRAN incoming feasibility
Result: NOTE Maintainer: ‘Luis Benites Sanchez <lbenitesanchez@gmail.com>’ No Authors@R field in DESCRIPTION. Please add one, modifying Authors@R: c(person(given = c("Luis", "Benites"), family = "Sanchez", role = c("aut", "cre"), email = "lbenitesanchez@gmail.com"), person(given = c("Clecio", "da", "Silva"), family = "Ferreira", role = "aut")) as necessary. Flavors: r-devel-linux-x86_64-debian-clang, r-devel-linux-x86_64-debian-gcc