Last updated on 2025-11-16 04:48:56 CET.
| Flavor | Version | Tinstall | Tcheck | Ttotal | Status | Flags |
|---|---|---|---|---|---|---|
| r-devel-linux-x86_64-debian-clang | 1.0.6 | 21.20 | 327.14 | 348.34 | OK | |
| r-devel-linux-x86_64-debian-gcc | 1.0.6 | 14.77 | 229.14 | 243.91 | OK | |
| r-devel-linux-x86_64-fedora-clang | 1.0.6 | 194.00 | 409.84 | 603.84 | NOTE | |
| r-devel-linux-x86_64-fedora-gcc | 1.0.6 | 49.00 | 513.23 | 562.23 | NOTE | |
| r-devel-windows-x86_64 | 1.0.6 | 24.00 | 299.00 | 323.00 | OK | |
| r-patched-linux-x86_64 | 1.0.6 | 19.86 | 327.32 | 347.18 | OK | |
| r-release-linux-x86_64 | 1.0.6 | 18.47 | 327.94 | 346.41 | OK | |
| r-release-macos-arm64 | 1.0.6 | 7.00 | 137.00 | 144.00 | OK | |
| r-release-macos-x86_64 | 1.0.6 | 15.00 | 320.00 | 335.00 | OK | |
| r-release-windows-x86_64 | 1.0.6 | 20.00 | 297.00 | 317.00 | OK | |
| r-oldrel-macos-arm64 | 1.0.6 | 7.00 | 114.00 | 121.00 | OK | |
| r-oldrel-macos-x86_64 | 1.0.6 | 11.00 | 196.00 | 207.00 | OK | |
| r-oldrel-windows-x86_64 | 1.0.6 | 29.00 | 406.00 | 435.00 | OK |
Version: 1.0.6
Check: dependencies in R code
Result: NOTE
Namespace in Imports field not imported from: ‘knitr’
All declared Imports should be used.
Flavors: r-devel-linux-x86_64-fedora-clang, r-devel-linux-x86_64-fedora-gcc