Last updated on 2025-02-21 04:52:07 CET.
Flavor | Version | Tinstall | Tcheck | Ttotal | Status | Flags |
---|---|---|---|---|---|---|
r-devel-linux-x86_64-debian-clang | 0.3.1 | 8.47 | 63.49 | 71.96 | NOTE | |
r-devel-linux-x86_64-debian-gcc | 0.3.1 | 5.66 | 45.69 | 51.35 | NOTE | |
r-devel-linux-x86_64-fedora-clang | 0.3.1 | 118.54 | NOTE | |||
r-devel-linux-x86_64-fedora-gcc | 0.3.1 | 112.12 | NOTE | |||
r-devel-macos-arm64 | 0.3.1 | 34.00 | OK | |||
r-devel-macos-x86_64 | 0.3.1 | 63.00 | NOTE | |||
r-devel-windows-x86_64 | 0.3.1 | 9.00 | 75.00 | 84.00 | NOTE | |
r-patched-linux-x86_64 | 0.3.1 | 8.85 | 58.59 | 67.44 | OK | |
r-release-linux-x86_64 | 0.3.1 | 7.73 | 58.60 | 66.33 | OK | |
r-release-macos-arm64 | 0.3.1 | 34.00 | OK | |||
r-release-macos-x86_64 | 0.3.1 | 51.00 | OK | |||
r-release-windows-x86_64 | 0.3.1 | 9.00 | 76.00 | 85.00 | OK | |
r-oldrel-macos-arm64 | 0.3.1 | 33.00 | OK | |||
r-oldrel-macos-x86_64 | 0.3.1 | 63.00 | OK | |||
r-oldrel-windows-x86_64 | 0.3.1 | 11.00 | 107.00 | 118.00 | OK |
Version: 0.3.1
Check: DESCRIPTION meta-information
Result: NOTE
Missing dependency on R >= 4.1.0 because package code uses the pipe
|> or function shorthand \(...) syntax added in R 4.1.0.
File(s) using such syntax:
‘stamp.direction.r’
Flavors: r-devel-linux-x86_64-debian-clang, r-devel-linux-x86_64-debian-gcc, r-devel-linux-x86_64-fedora-clang, r-devel-linux-x86_64-fedora-gcc, r-devel-macos-x86_64, r-devel-windows-x86_64