Last updated on 2024-08-25 05:49:36 CEST.
Flavor | Version | Tinstall | Tcheck | Ttotal | Status | Flags |
---|---|---|---|---|---|---|
r-devel-linux-x86_64-debian-clang | 0.0.6 | 5.40 | 81.04 | 86.44 | NOTE | |
r-devel-linux-x86_64-debian-gcc | 0.0.6 | 4.61 | 57.98 | 62.59 | NOTE | |
r-devel-linux-x86_64-fedora-clang | 0.0.6 | 135.23 | NOTE | |||
r-devel-linux-x86_64-fedora-gcc | 0.0.6 | 152.40 | NOTE | |||
r-devel-windows-x86_64 | 0.0.6 | 6.00 | 96.00 | 102.00 | NOTE | |
r-patched-linux-x86_64 | 0.0.6 | 5.75 | 77.63 | 83.38 | NOTE | |
r-release-linux-x86_64 | 0.0.6 | 5.86 | 76.62 | 82.48 | NOTE | |
r-release-macos-arm64 | 0.0.6 | 48.00 | NOTE | |||
r-release-macos-x86_64 | 0.0.6 | 76.00 | NOTE | |||
r-release-windows-x86_64 | 0.0.6 | 7.00 | 96.00 | 103.00 | NOTE | |
r-oldrel-macos-arm64 | 0.0.6 | 57.00 | NOTE | |||
r-oldrel-macos-x86_64 | 0.0.6 | 80.00 | NOTE | |||
r-oldrel-windows-x86_64 | 0.0.6 | 8.00 | 113.00 | 121.00 | NOTE |
Version: 0.0.6
Check: LazyData
Result: NOTE
'LazyData' is specified without a 'data' directory
Flavors: r-devel-linux-x86_64-debian-clang, r-devel-linux-x86_64-debian-gcc, r-devel-linux-x86_64-fedora-clang, r-devel-linux-x86_64-fedora-gcc, r-devel-windows-x86_64, r-patched-linux-x86_64, r-release-linux-x86_64, r-release-macos-arm64, r-release-macos-x86_64, r-release-windows-x86_64, r-oldrel-macos-arm64, r-oldrel-macos-x86_64, r-oldrel-windows-x86_64
Version: 0.0.6
Check: package dependencies
Result: NOTE
Package which this enhances but not available for checking: ‘CVXR’
Flavor: r-oldrel-macos-x86_64