Last updated on 2025-02-20 04:51:31 CET.
Flavor | Version | Tinstall | Tcheck | Ttotal | Status | Flags |
---|---|---|---|---|---|---|
r-devel-linux-x86_64-debian-clang | 0.1.2 | 8.21 | 55.48 | 63.69 | NOTE | |
r-devel-linux-x86_64-debian-gcc | 0.1.2 | 5.75 | 39.31 | 45.06 | NOTE | |
r-devel-linux-x86_64-fedora-clang | 0.1.2 | 106.09 | NOTE | |||
r-devel-linux-x86_64-fedora-gcc | 0.1.2 | 96.46 | NOTE | |||
r-devel-macos-arm64 | 0.1.2 | 26.00 | OK | |||
r-devel-macos-x86_64 | 0.1.2 | 52.00 | NOTE | |||
r-devel-windows-x86_64 | 0.1.2 | 11.00 | 69.00 | 80.00 | NOTE | |
r-patched-linux-x86_64 | 0.1.2 | 6.57 | 50.61 | 57.18 | OK | |
r-release-linux-x86_64 | 0.1.2 | 7.88 | 51.76 | 59.64 | OK | |
r-release-macos-arm64 | 0.1.2 | 27.00 | OK | |||
r-release-macos-x86_64 | 0.1.2 | 43.00 | OK | |||
r-release-windows-x86_64 | 0.1.2 | 10.00 | 77.00 | 87.00 | OK | |
r-oldrel-macos-arm64 | 0.1.2 | 31.00 | OK | |||
r-oldrel-macos-x86_64 | 0.1.2 | 48.00 | OK | |||
r-oldrel-windows-x86_64 | 0.1.2 | 13.00 | 80.00 | 93.00 | OK |
Version: 0.1.2
Check: DESCRIPTION meta-information
Result: NOTE
Missing dependency on R >= 4.1.0 because package code uses the pipe
|> or function shorthand \(...) syntax added in R 4.1.0.
File(s) using such syntax:
‘stat_frequency.R’
Flavors: r-devel-linux-x86_64-debian-clang, r-devel-linux-x86_64-debian-gcc, r-devel-linux-x86_64-fedora-clang, r-devel-linux-x86_64-fedora-gcc, r-devel-macos-x86_64, r-devel-windows-x86_64