Last updated on 2025-11-16 04:48:56 CET.
| Flavor | Version | Tinstall | Tcheck | Ttotal | Status | Flags |
|---|---|---|---|---|---|---|
| r-devel-linux-x86_64-debian-clang | 0.2.8 | 7.85 | 122.39 | 130.24 | OK | |
| r-devel-linux-x86_64-debian-gcc | 0.2.8 | 6.91 | 87.17 | 94.08 | NOTE | |
| r-devel-linux-x86_64-fedora-clang | 0.2.8 | 21.00 | 180.61 | 201.61 | OK | |
| r-devel-linux-x86_64-fedora-gcc | 0.2.8 | 19.00 | 189.61 | 208.61 | OK | |
| r-devel-windows-x86_64 | 0.2.8 | 21.00 | 128.00 | 149.00 | OK | |
| r-patched-linux-x86_64 | 0.2.8 | 7.71 | 117.07 | 124.78 | OK | |
| r-release-linux-x86_64 | 0.2.8 | 7.61 | 117.97 | 125.58 | OK | |
| r-release-macos-arm64 | 0.2.8 | 8.00 | 78.00 | 86.00 | OK | |
| r-release-macos-x86_64 | 0.2.8 | 10.00 | 146.00 | 156.00 | OK | |
| r-release-windows-x86_64 | 0.2.8 | 15.00 | 127.00 | 142.00 | OK | |
| r-oldrel-macos-arm64 | 0.2.8 | 6.00 | 56.00 | 62.00 | OK | |
| r-oldrel-macos-x86_64 | 0.2.8 | 7.00 | 89.00 | 96.00 | OK | |
| r-oldrel-windows-x86_64 | 0.2.8 | 19.00 | 163.00 | 182.00 | OK |
Version: 0.2.8
Check: CRAN incoming feasibility
Result: NOTE
Maintainer: ‘Michael Dorman <dorman@post.bgu.ac.il>’
The BugReports field in DESCRIPTION has
https://github.com/michaeldorman/starsExtra/issues/
which should likely be
https://github.com/michaeldorman/starsExtra/issues/issues
instead.
Flavor: r-devel-linux-x86_64-debian-gcc