Last updated on 2025-11-16 04:48:56 CET.
| Flavor | Version | Tinstall | Tcheck | Ttotal | Status | Flags |
|---|---|---|---|---|---|---|
| r-devel-linux-x86_64-debian-clang | 0.5.0 | 85.18 | 105.94 | 191.12 | NOTE | |
| r-devel-linux-x86_64-debian-gcc | 0.5.0 | 52.99 | 84.94 | 137.93 | NOTE | |
| r-devel-linux-x86_64-fedora-clang | 0.5.0 | 90.00 | 256.79 | 346.79 | OK | |
| r-devel-linux-x86_64-fedora-gcc | 0.5.0 | 120.00 | 185.45 | 305.45 | OK | |
| r-devel-windows-x86_64 | 0.5.0 | 94.00 | 136.00 | 230.00 | OK | |
| r-patched-linux-x86_64 | 0.5.0 | 80.46 | 119.91 | 200.37 | OK | |
| r-release-linux-x86_64 | 0.5.0 | 80.35 | 120.06 | 200.41 | OK | |
| r-release-macos-arm64 | 0.5.0 | 33.00 | 75.00 | 108.00 | OK | |
| r-release-macos-x86_64 | 0.5.0 | 42.00 | 166.00 | 208.00 | OK | |
| r-release-windows-x86_64 | 0.5.0 | 87.00 | 140.00 | 227.00 | OK | |
| r-oldrel-macos-arm64 | 0.5.0 | 30.00 | 67.00 | 97.00 | NOTE | |
| r-oldrel-macos-x86_64 | 0.5.0 | 30.00 | 95.00 | 125.00 | NOTE | |
| r-oldrel-windows-x86_64 | 0.5.0 | 108.00 | 184.00 | 292.00 | OK |
Version: 0.5.0
Check: CRAN incoming feasibility
Result: NOTE
Maintainer: ‘Dylan Beijers <dylanbeijers@gmail.com>’
Package CITATION file contains call(s) to old-style citEntry(). Please
use bibentry() instead.
Flavor: r-devel-linux-x86_64-debian-clang
Version: 0.5.0
Check: CRAN incoming feasibility
Result: NOTE
Maintainer: ‘Dylan Beijers <dylanbeijers@gmail.com>’
Package CITATION file contains call(s) to old-style citEntry(). Please
use bibentry() instead.
The BugReports field in DESCRIPTION has
https://github.com/DylanB95/statespacer/issues/
which should likely be
https://github.com/DylanB95/statespacer/issues/issues
instead.
Flavor: r-devel-linux-x86_64-debian-gcc
Version: 0.5.0
Check: installed package size
Result: NOTE
installed size is 6.8Mb
sub-directories of 1Mb or more:
libs 6.0Mb
Flavors: r-oldrel-macos-arm64, r-oldrel-macos-x86_64