CRAN Package Check Results for Package stevedata

Last updated on 2025-11-16 04:48:57 CET.

Flavor Version Tinstall Tcheck Ttotal Status Flags
r-devel-linux-x86_64-debian-clang 1.8.0 34.42 44.38 78.80 OK
r-devel-linux-x86_64-debian-gcc 1.8.0 23.94 36.93 60.87 NOTE
r-devel-linux-x86_64-fedora-clang 1.8.0 68.00 46.78 114.78 OK
r-devel-linux-x86_64-fedora-gcc 1.8.0 111.00 4.99 115.99 OK
r-devel-windows-x86_64 1.8.0 37.00 83.00 120.00 OK
r-patched-linux-x86_64 1.7.0 35.31 40.99 76.30 OK
r-release-linux-x86_64 1.8.0 33.95 41.73 75.68 OK
r-release-macos-arm64 1.8.0 22.00 24.00 46.00 OK
r-release-macos-x86_64 1.8.0 48.00 47.00 95.00 OK
r-release-windows-x86_64 1.8.0 33.00 75.00 108.00 OK
r-oldrel-macos-arm64 1.8.0 23.00 29.00 52.00 OK
r-oldrel-macos-x86_64 1.8.0 45.00 52.00 97.00 OK
r-oldrel-windows-x86_64 1.8.0 38.00 83.00 121.00 OK

Check Details

Version: 1.8.0
Check: CRAN incoming feasibility
Result: NOTE Maintainer: ‘Steve Miller <steve@svmiller.com>’ The BugReports field in DESCRIPTION has https://github.com/svmiller/stevedata/issues/ which should likely be https://github.com/svmiller/stevedata/issues/issues instead. Flavor: r-devel-linux-x86_64-debian-gcc