Last updated on 2025-02-22 04:51:30 CET.
Flavor | Version | Tinstall | Tcheck | Ttotal | Status | Flags |
---|---|---|---|---|---|---|
r-devel-linux-x86_64-debian-clang | 0.0.1.2 | 9.54 | 295.86 | 305.40 | NOTE | |
r-devel-linux-x86_64-debian-gcc | 0.0.1.2 | 7.10 | 245.72 | 252.82 | NOTE | |
r-devel-linux-x86_64-fedora-clang | 0.0.1.2 | 503.45 | NOTE | |||
r-devel-linux-x86_64-fedora-gcc | 0.0.1.2 | 574.14 | NOTE | |||
r-devel-macos-arm64 | 0.0.1.2 | 287.00 | OK | |||
r-devel-macos-x86_64 | 0.0.1.2 | 554.00 | NOTE | |||
r-devel-windows-x86_64 | 0.0.1.2 | 11.00 | 467.00 | 478.00 | NOTE | |
r-patched-linux-x86_64 | 0.0.1.2 | 8.62 | 337.78 | 346.40 | OK | |
r-release-linux-x86_64 | 0.0.1.2 | 8.22 | 340.58 | 348.80 | OK | |
r-release-macos-arm64 | 0.0.1.2 | 286.00 | OK | |||
r-release-macos-x86_64 | 0.0.1.2 | 733.00 | OK | |||
r-release-windows-x86_64 | 0.0.1.2 | 11.00 | 472.00 | 483.00 | OK | |
r-oldrel-macos-arm64 | 0.0.1.2 | 488.00 | OK | |||
r-oldrel-macos-x86_64 | 0.0.1.2 | 1006.00 | OK | |||
r-oldrel-windows-x86_64 | 0.0.1.2 | 14.00 | 538.00 | 552.00 | OK |
Version: 0.0.1.2
Check: DESCRIPTION meta-information
Result: NOTE
Missing dependency on R >= 4.1.0 because package code uses the pipe
|> or function shorthand \(...) syntax added in R 4.1.0.
File(s) using such syntax:
‘do_bma.R’ ‘evaluate_models.R’ ‘gam_model_probs.R’
Flavors: r-devel-linux-x86_64-debian-clang, r-devel-linux-x86_64-debian-gcc, r-devel-linux-x86_64-fedora-clang, r-devel-linux-x86_64-fedora-gcc, r-devel-macos-x86_64, r-devel-windows-x86_64