Last updated on 2024-08-25 05:49:36 CEST.
Flavor | Version | Tinstall | Tcheck | Ttotal | Status | Flags |
---|---|---|---|---|---|---|
r-devel-linux-x86_64-debian-clang | 1.1.2 | 11.92 | 119.82 | 131.74 | OK | |
r-devel-linux-x86_64-debian-gcc | 1.1.2 | 10.05 | 81.59 | 91.64 | OK | |
r-devel-linux-x86_64-fedora-clang | 1.1.2 | 214.16 | NOTE | |||
r-devel-linux-x86_64-fedora-gcc | 1.1.2 | 215.13 | OK | |||
r-devel-windows-x86_64 | 1.1.2 | 14.00 | 135.00 | 149.00 | NOTE | |
r-patched-linux-x86_64 | 1.1.2 | 14.19 | 114.12 | 128.31 | OK | |
r-release-linux-x86_64 | 1.1.2 | 12.93 | 112.77 | 125.70 | OK | |
r-release-macos-arm64 | 1.1.2 | 67.00 | NOTE | |||
r-release-macos-x86_64 | 1.1.2 | 107.00 | NOTE | |||
r-release-windows-x86_64 | 1.1.2 | 15.00 | 128.00 | 143.00 | NOTE | |
r-oldrel-macos-arm64 | 1.1.2 | 68.00 | NOTE | |||
r-oldrel-macos-x86_64 | 1.1.2 | 107.00 | NOTE | |||
r-oldrel-windows-x86_64 | 1.1.2 | 19.00 | 166.00 | 185.00 | NOTE |
Version: 1.1.2
Check: installed package size
Result: NOTE
installed size is 6.8Mb
sub-directories of 1Mb or more:
data 6.3Mb
Flavors: r-devel-linux-x86_64-fedora-clang, r-devel-windows-x86_64, r-release-macos-arm64, r-release-macos-x86_64, r-release-windows-x86_64, r-oldrel-macos-arm64, r-oldrel-macos-x86_64, r-oldrel-windows-x86_64