Last updated on 2025-11-16 04:48:57 CET.
| Flavor | Version | Tinstall | Tcheck | Ttotal | Status | Flags |
|---|---|---|---|---|---|---|
| r-devel-linux-x86_64-debian-clang | 1.7.12 | 179.37 | 351.05 | 530.42 | NOTE | |
| r-devel-linux-x86_64-debian-gcc | 1.7.12 | 95.35 | 221.74 | 317.09 | NOTE | |
| r-devel-linux-x86_64-fedora-clang | 1.7.12 | 369.00 | 544.72 | 913.72 | OK | |
| r-devel-linux-x86_64-fedora-gcc | 1.7.12 | 328.00 | 503.43 | 831.43 | OK | |
| r-devel-windows-x86_64 | 1.7.12 | 191.00 | 430.00 | 621.00 | OK | |
| r-patched-linux-x86_64 | 1.7.12 | 161.11 | 333.99 | 495.10 | OK | |
| r-release-linux-x86_64 | 1.7.12 | 160.93 | 341.97 | 502.90 | OK | |
| r-release-macos-arm64 | 1.7.12 | 58.00 | 138.00 | 196.00 | OK | |
| r-release-macos-x86_64 | 1.7.12 | 87.00 | 319.00 | 406.00 | OK | |
| r-release-windows-x86_64 | 1.7.12 | 171.00 | 345.00 | 516.00 | OK | |
| r-oldrel-macos-arm64 | 1.7.12 | 64.00 | 138.00 | 202.00 | NOTE | |
| r-oldrel-macos-x86_64 | 1.7.12 | 106.00 | 264.00 | 370.00 | NOTE | |
| r-oldrel-windows-x86_64 | 1.7.12 | 218.00 | 455.00 | 673.00 | OK |
Version: 1.7.12
Check: CRAN incoming feasibility
Result: NOTE
Maintainer: ‘Ilya Y. Zhbannikov <ilya.zhbannikov@duke.edu>’
No Authors@R field in DESCRIPTION.
Please add one, modifying
Authors@R: c(person(given = "I.",
family = "Zhbannikov",
role = "aut"),
person(given = "Liang",
family = "He",
role = "aut"),
person(given = "K.",
family = "Arbeev",
role = "aut"),
person(given = "I.",
family = "Akushevich",
role = "aut"),
person(given = "A.",
family = "Yashin.",
role = "aut"),
person(given = c("Ilya", "Y."),
family = "Zhbannikov",
role = "cre",
email = "ilya.zhbannikov@duke.edu"))
as necessary.
Flavors: r-devel-linux-x86_64-debian-clang, r-devel-linux-x86_64-debian-gcc
Version: 1.7.12
Check: installed package size
Result: NOTE
installed size is 9.0Mb
sub-directories of 1Mb or more:
libs 6.7Mb
Flavors: r-oldrel-macos-arm64, r-oldrel-macos-x86_64