Last updated on 2024-08-25 05:49:36 CEST.
Flavor | Version | Tinstall | Tcheck | Ttotal | Status | Flags |
---|---|---|---|---|---|---|
r-devel-linux-x86_64-debian-clang | 0.1.0 | 1.80 | 23.32 | 25.12 | NOTE | |
r-devel-linux-x86_64-debian-gcc | 0.1.0 | 1.44 | 18.72 | 20.16 | NOTE | |
r-devel-linux-x86_64-fedora-clang | 0.1.0 | 40.55 | NOTE | |||
r-devel-linux-x86_64-fedora-gcc | 0.1.0 | 39.14 | NOTE | |||
r-devel-windows-x86_64 | 0.1.0 | 4.00 | 84.00 | 88.00 | NOTE | |
r-patched-linux-x86_64 | 0.1.0 | 1.25 | 22.67 | 23.92 | NOTE | |
r-release-linux-x86_64 | 0.1.0 | 1.62 | 22.40 | 24.02 | NOTE | |
r-release-macos-arm64 | 0.1.0 | 17.00 | NOTE | |||
r-release-macos-x86_64 | 0.1.0 | 25.00 | NOTE | |||
r-release-windows-x86_64 | 0.1.0 | 4.00 | 69.00 | 73.00 | NOTE | |
r-oldrel-macos-arm64 | 0.1.0 | 19.00 | NOTE | |||
r-oldrel-macos-x86_64 | 0.1.0 | 24.00 | NOTE | |||
r-oldrel-windows-x86_64 | 0.1.0 | 4.00 | 58.00 | 62.00 | NOTE |
Version: 0.1.0
Check: LazyData
Result: NOTE
'LazyData' is specified without a 'data' directory
Flavors: r-devel-linux-x86_64-debian-clang, r-devel-linux-x86_64-debian-gcc, r-devel-linux-x86_64-fedora-clang, r-devel-linux-x86_64-fedora-gcc, r-devel-windows-x86_64, r-patched-linux-x86_64, r-release-linux-x86_64, r-release-macos-arm64, r-release-macos-x86_64, r-release-windows-x86_64, r-oldrel-macos-arm64, r-oldrel-macos-x86_64, r-oldrel-windows-x86_64
Version: 0.1.0
Check: dependencies in R code
Result: NOTE
Namespace in Imports field not imported from: ‘tidyselect’
All declared Imports should be used.
Flavors: r-devel-linux-x86_64-fedora-clang, r-devel-linux-x86_64-fedora-gcc