CRAN Package Check Results for Package sugarbag

Last updated on 2025-02-20 04:51:31 CET.

Flavor Version Tinstall Tcheck Ttotal Status Flags
r-devel-linux-x86_64-debian-clang 0.1.6 6.62 93.65 100.27 NOTE
r-devel-linux-x86_64-debian-gcc 0.1.6 4.24 66.68 70.92 NOTE
r-devel-linux-x86_64-fedora-clang 0.1.6 162.11 NOTE
r-devel-linux-x86_64-fedora-gcc 0.1.6 158.82 NOTE
r-devel-macos-arm64 0.1.6 55.00 NOTE
r-devel-macos-x86_64 0.1.6 102.00 NOTE
r-devel-windows-x86_64 0.1.6 8.00 103.00 111.00 NOTE
r-patched-linux-x86_64 0.1.6 5.26 84.56 89.82 NOTE
r-release-linux-x86_64 0.1.6 6.85 84.63 91.48 NOTE
r-release-macos-arm64 0.1.6 51.00 NOTE
r-release-macos-x86_64 0.1.6 76.00 NOTE
r-release-windows-x86_64 0.1.6 9.00 96.00 105.00 NOTE
r-oldrel-macos-arm64 0.1.6 51.00 OK
r-oldrel-macos-x86_64 0.1.6 88.00 OK
r-oldrel-windows-x86_64 0.1.6 10.00 111.00 121.00 OK

Additional issues

donttest

Check Details

Version: 0.1.6
Check: Rd files
Result: NOTE checkRd: (-1) fp19.Rd:11: Lost braces in \itemize; meant \describe ? checkRd: (-1) fp19.Rd:12-13: Lost braces in \itemize; meant \describe ? checkRd: (-1) fp19.Rd:14: Lost braces in \itemize; meant \describe ? checkRd: (-1) fp19.Rd:15: Lost braces in \itemize; meant \describe ? checkRd: (-1) fp19.Rd:16: Lost braces in \itemize; meant \describe ? checkRd: (-1) fp19.Rd:17: Lost braces in \itemize; meant \describe ? checkRd: (-1) fp19.Rd:18: Lost braces in \itemize; meant \describe ? checkRd: (-1) fp19.Rd:19: Lost braces in \itemize; meant \describe ? checkRd: (-1) fp19.Rd:20: Lost braces in \itemize; meant \describe ? checkRd: (-1) fp19.Rd:21: Lost braces in \itemize; meant \describe ? checkRd: (-1) fp19.Rd:22: Lost braces in \itemize; meant \describe ? checkRd: (-1) fp19.Rd:23-24: Lost braces in \itemize; meant \describe ? checkRd: (-1) fp19.Rd:25: Lost braces in \itemize; meant \describe ? Flavors: r-devel-linux-x86_64-debian-clang, r-devel-linux-x86_64-debian-gcc, r-devel-linux-x86_64-fedora-clang, r-devel-linux-x86_64-fedora-gcc, r-devel-macos-arm64, r-devel-macos-x86_64, r-devel-windows-x86_64, r-patched-linux-x86_64, r-release-linux-x86_64, r-release-macos-arm64, r-release-macos-x86_64, r-release-windows-x86_64