CRAN Package Check Results for Package surrosurv

Last updated on 2025-11-16 04:48:57 CET.

Flavor Version Tinstall Tcheck Ttotal Status Flags
r-devel-linux-x86_64-debian-clang 1.1.27 14.62 113.20 127.82 OK
r-devel-linux-x86_64-debian-gcc 1.1.27 10.79 84.39 95.18 NOTE
r-devel-linux-x86_64-fedora-clang 1.1.27 32.00 167.05 199.05 OK
r-devel-linux-x86_64-fedora-gcc 1.1.27 34.00 164.12 198.12 OK
r-devel-windows-x86_64 1.1.27 20.00 116.00 136.00 OK
r-patched-linux-x86_64 1.1.27 11.45 108.21 119.66 OK
r-release-linux-x86_64 1.1.27 15.21 108.50 123.71 OK
r-release-macos-arm64 1.1.27 7.00 52.00 59.00 OK
r-release-macos-x86_64 1.1.27 12.00 121.00 133.00 OK
r-release-windows-x86_64 1.1.27 16.00 111.00 127.00 OK
r-oldrel-macos-arm64 1.1.27 7.00 60.00 67.00 OK
r-oldrel-macos-x86_64 1.1.27 12.00 107.00 119.00 OK
r-oldrel-windows-x86_64 1.1.27 22.00 140.00 162.00 OK

Check Details

Version: 1.1.27
Check: CRAN incoming feasibility
Result: NOTE Maintainer: ‘Dan Chaltiel <dan.chaltiel@gustaveroussy.fr>’ The BugReports field in DESCRIPTION has https://github.com/Oncostat/surrosurv/issues/ which should likely be https://github.com/Oncostat/surrosurv/issues/issues instead. Flavor: r-devel-linux-x86_64-debian-gcc