Last updated on 2025-11-16 04:48:57 CET.
| Flavor | Version | Tinstall | Tcheck | Ttotal | Status | Flags |
|---|---|---|---|---|---|---|
| r-devel-linux-x86_64-debian-clang | 2.0.5 | 19.42 | 189.78 | 209.20 | OK | |
| r-devel-linux-x86_64-debian-gcc | 2.0.5 | 12.95 | 123.79 | 136.74 | OK | |
| r-devel-linux-x86_64-fedora-clang | 2.0.5 | 131.00 | 239.94 | 370.94 | OK | |
| r-devel-linux-x86_64-fedora-gcc | 2.0.5 | 129.00 | 214.99 | 343.99 | OK | |
| r-devel-windows-x86_64 | 2.0.5 | 21.00 | 252.00 | 273.00 | OK | |
| r-patched-linux-x86_64 | 2.0.5 | 20.70 | 178.85 | 199.55 | OK | |
| r-release-linux-x86_64 | 2.0.5 | 15.57 | 177.24 | 192.81 | OK | |
| r-release-macos-arm64 | 2.0.5 | 8.00 | 71.00 | 79.00 | OK | |
| r-release-macos-x86_64 | 2.0.5 | 13.00 | 127.00 | 140.00 | OK | |
| r-release-windows-x86_64 | 2.0.5 | 18.00 | 167.00 | 185.00 | OK | |
| r-oldrel-macos-arm64 | 2.0.5 | 7.00 | 73.00 | 80.00 | NOTE | |
| r-oldrel-macos-x86_64 | 2.0.5 | 15.00 | 129.00 | 144.00 | NOTE | |
| r-oldrel-windows-x86_64 | 2.0.5 | 27.00 | 219.00 | 246.00 | NOTE |
Version: 2.0.5
Check: package dependencies
Result: NOTE
Packages suggested but not available for checking:
'survHEinla', 'survHEhmc', 'INLA'
Flavors: r-oldrel-macos-arm64, r-oldrel-macos-x86_64
Version: 2.0.5
Check: package dependencies
Result: NOTE
Packages suggested but not available for checking:
'survHEinla', 'survHEhmc'
Flavor: r-oldrel-windows-x86_64