Last updated on 2025-11-16 04:48:57 CET.
| Flavor | Version | Tinstall | Tcheck | Ttotal | Status | Flags |
|---|---|---|---|---|---|---|
| r-devel-linux-x86_64-debian-clang | 1.25.0 | 39.55 | 464.29 | 503.84 | OK | |
| r-devel-linux-x86_64-debian-gcc | 1.25.0 | 22.87 | 326.10 | 348.97 | OK | |
| r-devel-linux-x86_64-fedora-clang | 1.25.0 | 207.00 | 594.21 | 801.21 | OK | |
| r-devel-linux-x86_64-fedora-gcc | 1.25.0 | 85.00 | 668.20 | 753.20 | OK | |
| r-devel-windows-x86_64 | 1.25.0 | 52.00 | 382.00 | 434.00 | OK | --no-vignettes |
| r-patched-linux-x86_64 | 1.25.0 | 45.28 | 447.74 | 493.02 | OK | |
| r-release-linux-x86_64 | 1.25.0 | 38.45 | 449.55 | 488.00 | OK | |
| r-release-macos-arm64 | 1.25.0 | 18.00 | 203.00 | 221.00 | OK | |
| r-release-macos-x86_64 | 1.25.0 | 39.00 | 458.00 | 497.00 | OK | |
| r-release-windows-x86_64 | 1.25.0 | 46.00 | 348.00 | 394.00 | OK | --no-vignettes |
| r-oldrel-macos-arm64 | 1.25.0 | 20.00 | 212.00 | 232.00 | NOTE | |
| r-oldrel-macos-x86_64 | 1.25.0 | 51.00 | 439.00 | 490.00 | NOTE | |
| r-oldrel-windows-x86_64 | 1.25.0 | 62.00 | 414.00 | 476.00 | NOTE | --no-vignettes |
Version: 1.25.0
Check: package dependencies
Result: NOTE
Package suggested but not available for checking: ‘INLA’
Flavors: r-oldrel-macos-arm64, r-oldrel-macos-x86_64
Version: 1.25.0
Check: installed package size
Result: NOTE
installed size is 6.9Mb
sub-directories of 1Mb or more:
R 2.1Mb
doc 2.2Mb
Flavors: r-oldrel-macos-arm64, r-oldrel-macos-x86_64
Version: 1.25.0
Flags: --no-vignettes
Check: installed package size
Result: NOTE
installed size is 6.4Mb
sub-directories of 1Mb or more:
R 1.7Mb
doc 2.2Mb
Flavor: r-oldrel-windows-x86_64