CRAN Package Check Results for Package survsim

Last updated on 2025-11-16 04:48:57 CET.

Flavor Version Tinstall Tcheck Ttotal Status Flags
r-devel-linux-x86_64-debian-clang 1.1.8 7.74 69.46 77.20 NOTE
r-devel-linux-x86_64-debian-gcc 1.1.8 4.51 50.91 55.42 NOTE
r-devel-linux-x86_64-fedora-clang 1.1.8 17.00 102.79 119.79 OK
r-devel-linux-x86_64-fedora-gcc 1.1.8 17.00 97.56 114.56 OK
r-devel-windows-x86_64 1.1.8 10.00 79.00 89.00 OK
r-patched-linux-x86_64 1.1.8 7.44 67.30 74.74 OK
r-release-linux-x86_64 1.1.8 6.77 66.57 73.34 OK
r-release-macos-arm64 1.1.8 4.00 35.00 39.00 OK
r-release-macos-x86_64 1.1.8 7.00 57.00 64.00 OK
r-release-windows-x86_64 1.1.8 9.00 79.00 88.00 OK
r-oldrel-macos-arm64 1.1.8 4.00 30.00 34.00 OK
r-oldrel-macos-x86_64 1.1.8 6.00 46.00 52.00 OK
r-oldrel-windows-x86_64 1.1.8 12.00 96.00 108.00 OK

Check Details

Version: 1.1.8
Check: CRAN incoming feasibility
Result: NOTE Maintainer: ‘David Moriña Soler <dmorina@ub.edu>’ Package CITATION file contains call(s) to old-style personList() or as.personList(). Please use c() on person objects instead. Package CITATION file contains call(s) to old-style citEntry(). Please use bibentry() instead. Flavors: r-devel-linux-x86_64-debian-clang, r-devel-linux-x86_64-debian-gcc