Last updated on 2025-11-16 04:48:57 CET.
| Flavor | Version | Tinstall | Tcheck | Ttotal | Status | Flags |
|---|---|---|---|---|---|---|
| r-devel-linux-x86_64-debian-clang | 0.1.0 | 13.46 | 221.69 | 235.15 | OK | |
| r-devel-linux-x86_64-debian-gcc | 0.1.0 | 9.81 | 162.65 | 172.46 | NOTE | |
| r-devel-linux-x86_64-fedora-clang | 0.1.0 | 34.00 | 328.68 | 362.68 | OK | |
| r-devel-linux-x86_64-fedora-gcc | 0.1.0 | 29.00 | 337.98 | 366.98 | OK | |
| r-devel-windows-x86_64 | 0.1.0 | 17.00 | 213.00 | 230.00 | OK | |
| r-patched-linux-x86_64 | 0.1.0 | 12.64 | 215.08 | 227.72 | OK | |
| r-release-linux-x86_64 | 0.1.0 | 12.93 | 212.64 | 225.57 | OK | |
| r-release-macos-arm64 | 0.1.0 | 6.00 | 114.00 | 120.00 | OK | |
| r-release-macos-x86_64 | 0.1.0 | 11.00 | 215.00 | 226.00 | OK | |
| r-release-windows-x86_64 | 0.1.0 | 14.00 | 213.00 | 227.00 | OK | |
| r-oldrel-macos-arm64 | 0.1.0 | 6.00 | 113.00 | 119.00 | OK | |
| r-oldrel-macos-x86_64 | 0.1.0 | 12.00 | 156.00 | 168.00 | OK | |
| r-oldrel-windows-x86_64 | 0.1.0 | 20.00 | 275.00 | 295.00 | OK |
Version: 0.1.0
Check: CRAN incoming feasibility
Result: NOTE
Maintainer: ‘Samuel Orso <Samuel.Orso@unige.ch>’
The BugReports field in DESCRIPTION has
https://github.com/SMAC-Group/SWAG-R-Package/issues/
which should likely be
https://github.com/SMAC-Group/SWAG-R-Package/issues/issues
instead.
Flavor: r-devel-linux-x86_64-debian-gcc