Last updated on 2024-08-25 05:49:37 CEST.
Flavor | Version | Tinstall | Tcheck | Ttotal | Status | Flags |
---|---|---|---|---|---|---|
r-devel-linux-x86_64-debian-clang | 1.1.2 | 62.40 | 51.70 | 114.10 | OK | |
r-devel-linux-x86_64-debian-gcc | 1.1.2 | 47.00 | 35.44 | 82.44 | OK | |
r-devel-linux-x86_64-fedora-clang | 1.1.2 | 198.74 | OK | |||
r-devel-linux-x86_64-fedora-gcc | 1.1.2 | 224.16 | OK | |||
r-devel-windows-x86_64 | 1.1.2 | 66.00 | 102.00 | 168.00 | OK | |
r-patched-linux-x86_64 | 1.1.2 | 65.37 | 49.73 | 115.10 | OK | |
r-release-linux-x86_64 | 1.1.2 | 65.99 | 49.57 | 115.56 | OK | |
r-release-macos-arm64 | 1.1.2 | 48.00 | NOTE | |||
r-release-macos-x86_64 | 1.1.2 | 59.00 | NOTE | |||
r-release-windows-x86_64 | 1.1.2 | 65.00 | 102.00 | 167.00 | OK | |
r-oldrel-macos-arm64 | 1.1.2 | 50.00 | NOTE | |||
r-oldrel-macos-x86_64 | 1.1.2 | 103.00 | NOTE | |||
r-oldrel-windows-x86_64 | 1.1.2 | 83.00 | 112.00 | 195.00 | OK |
Version: 1.1.2
Check: installed package size
Result: NOTE
installed size is 5.7Mb
sub-directories of 1Mb or more:
libs 5.0Mb
Flavors: r-release-macos-arm64, r-release-macos-x86_64, r-oldrel-macos-arm64, r-oldrel-macos-x86_64