Last updated on 2025-02-21 04:52:08 CET.
Flavor | Version | Tinstall | Tcheck | Ttotal | Status | Flags |
---|---|---|---|---|---|---|
r-devel-linux-x86_64-debian-clang | 0.1 | 5.44 | 40.68 | 46.12 | NOTE | |
r-devel-linux-x86_64-debian-gcc | 0.1 | 4.23 | 31.02 | 35.25 | NOTE | |
r-devel-linux-x86_64-fedora-clang | 0.1 | 81.44 | NOTE | |||
r-devel-linux-x86_64-fedora-gcc | 0.1 | 93.42 | NOTE | |||
r-devel-macos-arm64 | 0.1 | 37.00 | NOTE | |||
r-devel-macos-x86_64 | 0.1 | 55.00 | NOTE | |||
r-devel-windows-x86_64 | 0.1 | 5.00 | 76.00 | 81.00 | NOTE | |
r-patched-linux-x86_64 | 0.1 | 7.27 | 39.76 | 47.03 | NOTE | |
r-release-linux-x86_64 | 0.1 | 4.86 | 39.00 | 43.86 | NOTE | |
r-release-macos-arm64 | 0.1 | 35.00 | NOTE | |||
r-release-macos-x86_64 | 0.1 | 56.00 | NOTE | |||
r-release-windows-x86_64 | 0.1 | 6.00 | 75.00 | 81.00 | NOTE | |
r-oldrel-macos-arm64 | 0.1 | 32.00 | NOTE | |||
r-oldrel-macos-x86_64 | 0.1 | 48.00 | NOTE | |||
r-oldrel-windows-x86_64 | 0.1 | 6.00 | 75.00 | 81.00 | NOTE |
Version: 0.1
Check: package subdirectories
Result: NOTE
Problems with news in ‘NEWS.md’:
Cannot extract version info from the following section titles:
pre-release switchboard (2020 - 2021)
Flavors: r-devel-linux-x86_64-debian-clang, r-devel-linux-x86_64-debian-gcc, r-devel-linux-x86_64-fedora-clang, r-devel-linux-x86_64-fedora-gcc, r-devel-macos-arm64, r-devel-macos-x86_64, r-devel-windows-x86_64, r-patched-linux-x86_64, r-release-linux-x86_64, r-release-macos-arm64, r-release-macos-x86_64, r-release-windows-x86_64, r-oldrel-macos-arm64, r-oldrel-macos-x86_64, r-oldrel-windows-x86_64