Last updated on 2025-02-22 04:51:30 CET.
Flavor | Version | Tinstall | Tcheck | Ttotal | Status | Flags |
---|---|---|---|---|---|---|
r-devel-linux-x86_64-debian-clang | 1.0 | 4.51 | 31.28 | 35.79 | NOTE | |
r-devel-linux-x86_64-debian-gcc | 1.0 | 3.33 | 22.62 | 25.95 | NOTE | |
r-devel-linux-x86_64-fedora-clang | 1.0 | 66.61 | NOTE | |||
r-devel-linux-x86_64-fedora-gcc | 1.0 | 60.42 | NOTE | |||
r-devel-macos-arm64 | 1.0 | 18.00 | NOTE | |||
r-devel-macos-x86_64 | 1.0 | 36.00 | NOTE | |||
r-devel-windows-x86_64 | 1.0 | 5.00 | 53.00 | 58.00 | NOTE | |
r-patched-linux-x86_64 | 1.0 | 5.22 | 29.29 | 34.51 | NOTE | |
r-release-linux-x86_64 | 1.0 | 4.48 | 29.38 | 33.86 | NOTE | |
r-release-macos-arm64 | 1.0 | 20.00 | NOTE | |||
r-release-macos-x86_64 | 1.0 | 28.00 | NOTE | |||
r-release-windows-x86_64 | 1.0 | 5.00 | 47.00 | 52.00 | NOTE | |
r-oldrel-macos-arm64 | 1.0 | 20.00 | OK | |||
r-oldrel-macos-x86_64 | 1.0 | 27.00 | OK | |||
r-oldrel-windows-x86_64 | 1.0 | 8.00 | 50.00 | 58.00 | OK |
Version: 1.0
Check: Rd files
Result: NOTE
checkRd: (-1) elliptical.ts.Rd:18: Lost braces; missing escapes or markup?
18 | \item{epsilon}{positive convergence tolerance \emph{e}; the iterations converge when |fit - fit_{old}|/|fit| < \emph{e}. Default is \emph{e=1e-04}.}
| ^
Flavors: r-devel-linux-x86_64-debian-clang, r-devel-linux-x86_64-debian-gcc, r-devel-linux-x86_64-fedora-clang, r-devel-linux-x86_64-fedora-gcc, r-devel-macos-arm64, r-devel-macos-x86_64, r-devel-windows-x86_64, r-patched-linux-x86_64, r-release-linux-x86_64, r-release-macos-arm64, r-release-macos-x86_64, r-release-windows-x86_64