Last updated on 2025-11-16 04:48:57 CET.
| Flavor | Version | Tinstall | Tcheck | Ttotal | Status | Flags |
|---|---|---|---|---|---|---|
| r-devel-linux-x86_64-debian-clang | 1.1.0 | 92.15 | 118.12 | 210.27 | OK | |
| r-devel-linux-x86_64-debian-gcc | 1.1.0 | 78.20 | 81.98 | 160.18 | OK | |
| r-devel-linux-x86_64-fedora-clang | 1.1.0 | 176.00 | 151.67 | 327.67 | OK | |
| r-devel-linux-x86_64-fedora-gcc | 1.1.0 | 221.00 | 138.23 | 359.23 | OK | |
| r-devel-windows-x86_64 | 1.1.0 | 103.00 | 152.00 | 255.00 | OK | |
| r-patched-linux-x86_64 | 1.1.0 | 97.30 | 112.86 | 210.16 | OK | |
| r-release-linux-x86_64 | 1.1.0 | 95.21 | 110.79 | 206.00 | OK | |
| r-release-macos-arm64 | 1.1.0 | 50.00 | 47.00 | 97.00 | OK | |
| r-release-macos-x86_64 | 1.1.0 | 113.00 | 91.00 | 204.00 | OK | |
| r-release-windows-x86_64 | 1.1.0 | 98.00 | 147.00 | 245.00 | OK | |
| r-oldrel-macos-arm64 | 1.1.0 | 44.00 | 45.00 | 89.00 | NOTE | |
| r-oldrel-macos-x86_64 | 1.1.0 | 121.00 | 124.00 | 245.00 | NOTE | |
| r-oldrel-windows-x86_64 | 1.1.0 | 121.00 | 186.00 | 307.00 | OK |
Version: 1.1.0
Check: installed package size
Result: NOTE
installed size is 25.0Mb
sub-directories of 1Mb or more:
libs 24.3Mb
Flavors: r-oldrel-macos-arm64, r-oldrel-macos-x86_64