Last updated on 2024-08-25 05:49:37 CEST.
Flavor | Version | Tinstall | Tcheck | Ttotal | Status | Flags |
---|---|---|---|---|---|---|
r-devel-linux-x86_64-debian-clang | 0.2.3 | 111.72 | 32.61 | 144.33 | OK | |
r-devel-linux-x86_64-debian-gcc | 0.2.3 | 82.91 | 25.41 | 108.32 | OK | |
r-devel-linux-x86_64-fedora-clang | 0.2.3 | 323.95 | OK | |||
r-devel-linux-x86_64-fedora-gcc | 0.2.3 | 343.96 | OK | |||
r-devel-windows-x86_64 | 0.2.3 | 127.00 | 84.00 | 211.00 | OK | |
r-patched-linux-x86_64 | 0.2.3 | 115.07 | 31.48 | 146.55 | OK | |
r-release-linux-x86_64 | 0.2.3 | 113.89 | 31.19 | 145.08 | OK | |
r-release-macos-arm64 | 0.2.3 | 69.00 | OK | |||
r-release-macos-x86_64 | 0.2.3 | 73.00 | OK | |||
r-release-windows-x86_64 | 0.2.3 | 128.00 | 72.00 | 200.00 | OK | |
r-oldrel-macos-arm64 | 0.2.3 | 88.00 | NOTE | |||
r-oldrel-macos-x86_64 | 0.2.3 | 152.00 | OK | |||
r-oldrel-windows-x86_64 | 0.2.3 | 148.00 | 88.00 | 236.00 | OK |
Version: 0.2.3
Check: installed package size
Result: NOTE
installed size is 5.0Mb
sub-directories of 1Mb or more:
libs 4.9Mb
Flavor: r-oldrel-macos-arm64