Last updated on 2025-11-16 04:48:57 CET.
| Flavor | Version | Tinstall | Tcheck | Ttotal | Status | Flags |
|---|---|---|---|---|---|---|
| r-devel-linux-x86_64-debian-clang | 1.0.5-5 | 6.20 | 119.62 | 125.82 | OK | |
| r-devel-linux-x86_64-debian-gcc | 1.0.5-5 | 4.96 | 92.55 | 97.51 | NOTE | |
| r-devel-linux-x86_64-fedora-clang | 1.0.5-5 | 14.00 | 181.53 | 195.53 | OK | |
| r-devel-linux-x86_64-fedora-gcc | 1.0.5-5 | 14.00 | 189.13 | 203.13 | OK | |
| r-devel-windows-x86_64 | 1.0.5-5 | 12.00 | 104.00 | 116.00 | OK | |
| r-patched-linux-x86_64 | 1.0.5-5 | 6.37 | 116.92 | 123.29 | OK | |
| r-release-linux-x86_64 | 1.0.5-5 | 6.75 | 117.76 | 124.51 | OK | |
| r-release-macos-arm64 | 1.0.5-5 | 4.00 | 56.00 | 60.00 | OK | |
| r-release-macos-x86_64 | 1.0.5-5 | 7.00 | 112.00 | 119.00 | OK | |
| r-release-windows-x86_64 | 1.0.5-5 | 10.00 | 103.00 | 113.00 | OK | |
| r-oldrel-macos-arm64 | 1.0.5-5 | 2.00 | 211.00 | 213.00 | NOTE | |
| r-oldrel-macos-x86_64 | 1.0.5-5 | 4.00 | 241.00 | 245.00 | NOTE | |
| r-oldrel-windows-x86_64 | 1.0.5-5 | 12.00 | 126.00 | 138.00 | NOTE |
Version: 1.0.5-5
Check: CRAN incoming feasibility
Result: NOTE
Maintainer: ‘Mauricio Vargas Sepulveda <m.sepulveda@mail.utoronto.ca>’
The BugReports field in DESCRIPTION has
https://github.com/ropensci/tabulapdf/issues/
which should likely be
https://github.com/ropensci/tabulapdf/issues/issues
instead.
Flavor: r-devel-linux-x86_64-debian-gcc
Version: 1.0.5-5
Check: installed package size
Result: NOTE
installed size is 13.7Mb
sub-directories of 1Mb or more:
java 12.7Mb
Flavors: r-oldrel-macos-arm64, r-oldrel-macos-x86_64, r-oldrel-windows-x86_64