Last updated on 2024-08-25 05:49:37 CEST.
Flavor | Version | Tinstall | Tcheck | Ttotal | Status | Flags |
---|---|---|---|---|---|---|
r-devel-linux-x86_64-debian-clang | 0.3.0 | 8.75 | 81.25 | 90.00 | OK | |
r-devel-linux-x86_64-debian-gcc | 0.3.0 | 7.85 | 58.97 | 66.82 | OK | |
r-devel-linux-x86_64-fedora-clang | 0.3.0 | 154.61 | NOTE | |||
r-devel-linux-x86_64-fedora-gcc | 0.3.0 | 157.75 | NOTE | |||
r-devel-windows-x86_64 | 0.3.0 | 13.00 | 110.00 | 123.00 | OK | |
r-patched-linux-x86_64 | 0.3.0 | 11.40 | 78.47 | 89.87 | OK | |
r-release-linux-x86_64 | 0.3.0 | 10.67 | 77.80 | 88.47 | OK | |
r-release-macos-arm64 | 0.3.0 | 55.00 | OK | |||
r-release-macos-x86_64 | 0.3.0 | 143.00 | OK | |||
r-release-windows-x86_64 | 0.3.0 | 12.00 | 110.00 | 122.00 | OK | |
r-oldrel-macos-arm64 | 0.3.0 | 78.00 | OK | |||
r-oldrel-macos-x86_64 | 0.3.0 | 104.00 | OK | |||
r-oldrel-windows-x86_64 | 0.3.0 | 17.00 | 125.00 | 142.00 | OK |
Version: 0.3.0
Check: data for non-ASCII characters
Result: NOTE
Note: found 137 marked UTF-8 strings
Flavors: r-devel-linux-x86_64-fedora-clang, r-devel-linux-x86_64-fedora-gcc