Last updated on 2025-02-20 04:51:32 CET.
Flavor | Version | Tinstall | Tcheck | Ttotal | Status | Flags |
---|---|---|---|---|---|---|
r-devel-linux-x86_64-debian-clang | 0.7.5 | 5.29 | 53.03 | 58.32 | NOTE | |
r-devel-linux-x86_64-debian-gcc | 0.7.5 | 3.82 | 36.65 | 40.47 | NOTE | |
r-devel-linux-x86_64-fedora-clang | 0.7.5 | 96.98 | NOTE | |||
r-devel-linux-x86_64-fedora-gcc | 0.7.5 | 110.43 | NOTE | |||
r-devel-macos-arm64 | 0.7.5 | 41.00 | OK | |||
r-devel-macos-x86_64 | 0.7.5 | 72.00 | NOTE | |||
r-devel-windows-x86_64 | 0.7.5 | 7.00 | 73.00 | 80.00 | NOTE | |
r-patched-linux-x86_64 | 0.7.5 | 10.16 | 48.04 | 58.20 | OK | |
r-release-linux-x86_64 | 0.7.5 | 4.70 | 47.48 | 52.18 | OK | |
r-release-macos-arm64 | 0.7.5 | 38.00 | OK | |||
r-release-macos-x86_64 | 0.7.5 | 56.00 | OK | |||
r-release-windows-x86_64 | 0.7.5 | 7.00 | 72.00 | 79.00 | OK | |
r-oldrel-macos-arm64 | 0.7.5 | 99.00 | OK | |||
r-oldrel-macos-x86_64 | 0.7.5 | 77.00 | OK | |||
r-oldrel-windows-x86_64 | 0.7.5 | 9.00 | 81.00 | 90.00 | OK |
Version: 0.7.5
Check: DESCRIPTION meta-information
Result: NOTE
Missing dependency on R >= 4.1.0 because package code uses the pipe
|> or function shorthand \(...) syntax added in R 4.1.0.
File(s) using such syntax:
‘georeference_overlay.R’
Flavors: r-devel-linux-x86_64-debian-clang, r-devel-linux-x86_64-debian-gcc, r-devel-linux-x86_64-fedora-clang, r-devel-linux-x86_64-fedora-gcc, r-devel-macos-x86_64, r-devel-windows-x86_64
Version: 0.7.5
Check: Rd cross-references
Result: NOTE
Found the following Rd file(s) with Rd \link{} targets missing package
anchors:
geom_spatial_rgb.Rd: ggplot2
Please provide package anchors for all Rd \link{} targets not in the
package itself and the base packages.
Flavors: r-devel-linux-x86_64-debian-clang, r-devel-linux-x86_64-debian-gcc, r-devel-windows-x86_64