Last updated on 2025-02-21 04:52:09 CET.
Flavor | Version | Tinstall | Tcheck | Ttotal | Status | Flags |
---|---|---|---|---|---|---|
r-devel-linux-x86_64-debian-clang | 1.9.2 | 10.80 | 110.10 | 120.90 | NOTE | |
r-devel-linux-x86_64-debian-gcc | 1.9.2 | 6.55 | 82.53 | 89.08 | NOTE | |
r-devel-linux-x86_64-fedora-clang | 1.9.2 | 209.20 | OK | |||
r-devel-linux-x86_64-fedora-gcc | 1.9.2 | 198.53 | OK | |||
r-devel-macos-arm64 | 1.9.2 | 72.00 | OK | |||
r-devel-macos-x86_64 | 1.9.2 | 141.00 | OK | |||
r-devel-windows-x86_64 | 1.9.2 | 13.00 | 127.00 | 140.00 | NOTE | |
r-patched-linux-x86_64 | 1.9.2 | 16.94 | 104.74 | 121.68 | OK | |
r-release-linux-x86_64 | 1.9.2 | 9.91 | 104.31 | 114.22 | OK | |
r-release-macos-arm64 | 1.9.2 | 65.00 | OK | |||
r-release-macos-x86_64 | 1.9.2 | 104.00 | OK | |||
r-release-windows-x86_64 | 1.9.2 | 13.00 | 126.00 | 139.00 | OK | |
r-oldrel-macos-arm64 | 1.9.2 | 75.00 | OK | |||
r-oldrel-macos-x86_64 | 1.9.2 | 110.00 | OK | |||
r-oldrel-windows-x86_64 | 1.9.2 | 15.00 | 147.00 | 162.00 | OK |
Version: 1.9.2
Check: Rd cross-references
Result: NOTE
Found the following Rd file(s) with Rd \link{} targets missing package
anchors:
feature_columns.Rd: tidyselect
Please provide package anchors for all Rd \link{} targets not in the
package itself and the base packages.
Flavors: r-devel-linux-x86_64-debian-clang, r-devel-linux-x86_64-debian-gcc, r-devel-windows-x86_64